CRAN Package Check Results for Package LMMsolver

Last updated on 2025-10-21 09:48:36 CEST.

Flavor Version Tinstall Tcheck Ttotal Status Flags
r-devel-linux-x86_64-debian-clang 1.0.11 27.00 113.92 140.92 OK
r-devel-linux-x86_64-debian-gcc 1.0.11 21.29 82.30 103.59 NOTE
r-devel-linux-x86_64-fedora-clang 1.0.11 252.56 OK
r-devel-linux-x86_64-fedora-gcc 1.0.11 230.74 OK
r-devel-windows-x86_64 1.0.11 35.00 132.00 167.00 OK
r-patched-linux-x86_64 1.0.11 32.31 103.88 136.19 OK
r-release-linux-x86_64 1.0.11 30.54 104.23 134.77 OK
r-release-macos-arm64 1.0.11 72.00 OK
r-release-macos-x86_64 1.0.11 216.00 OK
r-release-windows-x86_64 1.0.11 36.00 132.00 168.00 OK
r-oldrel-macos-arm64 1.0.11 104.00 OK
r-oldrel-macos-x86_64 1.0.11 173.00 OK
r-oldrel-windows-x86_64 1.0.11 44.00 160.00 204.00 OK

Check Details

Version: 1.0.11
Check: HTML version of manual
Result: NOTE Found the following HTML validation problems: Bsplines.html:56:1 (Bsplines.Rd:16): Warning: missing </ul> before </div> Flavor: r-devel-linux-x86_64-debian-gcc