Last updated on 2025-02-21 09:50:47 CET.
Flavor | Version | Tinstall | Tcheck | Ttotal | Status | Flags |
---|---|---|---|---|---|---|
r-devel-linux-x86_64-debian-clang | 1.1.5 | 24.73 | 72.21 | 96.94 | NOTE | |
r-devel-linux-x86_64-debian-gcc | 1.1.5 | 17.56 | 50.23 | 67.79 | NOTE | |
r-devel-linux-x86_64-fedora-clang | 1.1.5 | 160.62 | NOTE | |||
r-devel-linux-x86_64-fedora-gcc | 1.1.5 | 167.87 | NOTE | |||
r-devel-macos-arm64 | 1.1.5 | 53.00 | NOTE | |||
r-devel-macos-x86_64 | 1.1.5 | 103.00 | NOTE | |||
r-devel-windows-x86_64 | 1.1.5 | 28.00 | 105.00 | 133.00 | NOTE | |
r-patched-linux-x86_64 | 1.1.5 | 23.87 | 64.18 | 88.05 | NOTE | |
r-release-linux-x86_64 | 1.1.5 | 24.42 | 64.19 | 88.61 | NOTE | |
r-release-macos-arm64 | 1.1.5 | 49.00 | NOTE | |||
r-release-macos-x86_64 | 1.1.5 | 86.00 | NOTE | |||
r-release-windows-x86_64 | 1.1.5 | 29.00 | 110.00 | 139.00 | NOTE | |
r-oldrel-macos-arm64 | 1.1.5 | 58.00 | NOTE | |||
r-oldrel-macos-x86_64 | 1.1.5 | 91.00 | NOTE | |||
r-oldrel-windows-x86_64 | 1.1.5 | 32.00 | 123.00 | 155.00 | NOTE |
Version: 1.1.5
Check: C++ specification
Result: NOTE
Specified C++11: please drop specification unless essential
Flavors: r-devel-linux-x86_64-debian-clang, r-devel-linux-x86_64-debian-gcc, r-devel-linux-x86_64-fedora-clang, r-devel-linux-x86_64-fedora-gcc, r-devel-macos-arm64, r-devel-macos-x86_64, r-devel-windows-x86_64, r-patched-linux-x86_64, r-release-linux-x86_64, r-release-macos-arm64, r-release-macos-x86_64, r-release-windows-x86_64, r-oldrel-macos-arm64, r-oldrel-macos-x86_64, r-oldrel-windows-x86_64