Last updated on 2025-10-21 09:48:36 CEST.
Flavor | Version | Tinstall | Tcheck | Ttotal | Status | Flags |
---|---|---|---|---|---|---|
r-devel-linux-x86_64-debian-clang | 0.17.6 | 12.10 | 39.33 | 51.43 | OK | |
r-devel-linux-x86_64-debian-gcc | 0.17.6 | 7.05 | 31.10 | 38.15 | NOTE | |
r-devel-linux-x86_64-fedora-clang | 0.17.6 | 79.82 | OK | |||
r-devel-linux-x86_64-fedora-gcc | 0.17.6 | 89.45 | OK | |||
r-devel-windows-x86_64 | 0.17.6 | 19.00 | 73.00 | 92.00 | OK | |
r-patched-linux-x86_64 | 0.17.6 | 11.19 | 36.31 | 47.50 | OK | |
r-release-linux-x86_64 | 0.17.6 | 12.36 | 36.51 | 48.87 | OK | |
r-release-macos-arm64 | 0.17.6 | 45.00 | OK | |||
r-release-macos-x86_64 | 0.17.6 | 62.00 | OK | |||
r-release-windows-x86_64 | 0.17.6 | 20.00 | 75.00 | 95.00 | OK | |
r-oldrel-macos-arm64 | 0.17.6 | 37.00 | OK | |||
r-oldrel-macos-x86_64 | 0.17.6 | 90.00 | OK | |||
r-oldrel-windows-x86_64 | 0.17.6 | 21.00 | 89.00 | 110.00 | OK |
Version: 0.17.6
Check: HTML version of manual
Result: NOTE
Found the following HTML validation problems:
JuliaObjectFields.html:67:1 (JuliaObjectFields.Rd:30): Warning: missing </ul> before </div>
autowrap.html:55:1 (autowrap.Rd:15): Warning: missing </ul> before </div>
install_julia.html:54:1 (install_julia.Rd:16): Warning: missing </ul> before </div>
julia_markdown_setup.html:52:1 (julia_markdown_setup.Rd:12): Warning: missing </ul> before </div>
julia_notebook_setup.html:47:1 (julia_notebook_setup.Rd:10): Warning: missing </ul> before </div>
julia_source.html:46:1 (julia_source.Rd:10): Warning: missing </ul> before </div>
Flavor: r-devel-linux-x86_64-debian-gcc