Last updated on 2025-10-21 09:48:35 CEST.
Flavor | Version | Tinstall | Tcheck | Ttotal | Status | Flags |
---|---|---|---|---|---|---|
r-devel-linux-x86_64-debian-clang | 0.3 | 9.29 | 81.39 | 90.68 | NOTE | |
r-devel-linux-x86_64-debian-gcc | 0.3 | 7.59 | 60.90 | 68.49 | NOTE | |
r-devel-linux-x86_64-fedora-clang | 0.3 | 146.09 | NOTE | |||
r-devel-linux-x86_64-fedora-gcc | 0.3 | 144.21 | NOTE | |||
r-devel-windows-x86_64 | 0.3 | 11.00 | 94.00 | 105.00 | NOTE | |
r-patched-linux-x86_64 | 0.3 | 9.30 | 77.83 | 87.13 | NOTE | |
r-release-linux-x86_64 | 0.3 | 9.49 | 78.37 | 87.86 | NOTE | |
r-release-macos-arm64 | 0.3 | 46.00 | NOTE | |||
r-release-macos-x86_64 | 0.3 | 77.00 | NOTE | |||
r-release-windows-x86_64 | 0.3 | 11.00 | 97.00 | 108.00 | NOTE | |
r-oldrel-macos-arm64 | 0.3 | 42.00 | NOTE | |||
r-oldrel-macos-x86_64 | 0.3 | 59.00 | NOTE | |||
r-oldrel-windows-x86_64 | 0.3 | 14.00 | 116.00 | 130.00 | NOTE |
Version: 0.3
Check: Rd files
Result: NOTE
checkRd: (-1) lab.qcs.Rd:24: Lost braces
24 | It develops an object of \code{lab.qcs}-code{link{class}} to perform statistical quality control.
| ^
checkRd: (-1) lab.qcs.Rd:24: Lost braces
24 | It develops an object of \code{lab.qcs}-code{link{class}} to perform statistical quality control.
| ^
Flavors: r-devel-linux-x86_64-debian-clang, r-devel-linux-x86_64-debian-gcc, r-devel-linux-x86_64-fedora-clang, r-devel-linux-x86_64-fedora-gcc, r-devel-windows-x86_64, r-patched-linux-x86_64, r-release-linux-x86_64, r-release-macos-arm64, r-release-macos-x86_64, r-release-windows-x86_64, r-oldrel-macos-arm64, r-oldrel-macos-x86_64, r-oldrel-windows-x86_64
Version: 0.3
Check: HTML version of manual
Result: NOTE
Found the following HTML validation problems:
boot.sim.set.html:50:1 (boot.sim.set.Rd:12): Warning: missing </ul> before </div>
func.ils.formula.html:60:1 (func.ils.formula.Rd:18): Warning: missing </ul> before </div>
outliers.ils.html:54:1 (outliers.ils.Rd:14): Warning: missing </ul> before </div>
Flavors: r-devel-linux-x86_64-debian-gcc, r-devel-linux-x86_64-fedora-clang, r-devel-linux-x86_64-fedora-gcc