Last updated on 2025-07-12 09:49:20 CEST.
Flavor | Version | Tinstall | Tcheck | Ttotal | Status | Flags |
---|---|---|---|---|---|---|
r-devel-linux-x86_64-debian-clang | 25.2.25 | 7.58 | 41.06 | 48.64 | OK | |
r-devel-linux-x86_64-debian-gcc | 25.2.25 | 5.97 | 30.23 | 36.20 | WARN | |
r-devel-linux-x86_64-fedora-clang | 25.2.25 | 72.01 | OK | |||
r-devel-linux-x86_64-fedora-gcc | 25.2.25 | 68.29 | OK | |||
r-devel-windows-x86_64 | 25.2.25 | 15.00 | 71.00 | 86.00 | OK | |
r-patched-linux-x86_64 | 25.2.25 | 7.86 | 37.66 | 45.52 | OK | |
r-release-linux-x86_64 | 25.2.25 | 8.11 | 38.39 | 46.50 | OK | |
r-release-macos-arm64 | 25.2.25 | 30.00 | OK | |||
r-release-macos-x86_64 | 25.2.25 | 46.00 | OK | |||
r-release-windows-x86_64 | 25.2.25 | 14.00 | 72.00 | 86.00 | OK | |
r-oldrel-macos-arm64 | 25.2.25 | 30.00 | OK | |||
r-oldrel-macos-x86_64 | 25.2.25 | 50.00 | OK | |||
r-oldrel-windows-x86_64 | 25.2.25 | 17.00 | 79.00 | 96.00 | OK |
Version: 25.2.25
Check: replacement functions
Result: WARN
‘print.:.checkwise’ ‘print.:.checkwise’
The argument of a replacement function which corresponds to the right
hand side must be named ‘value’.
Flavor: r-devel-linux-x86_64-debian-gcc