CRAN Package Check Results for Package HMP

Last updated on 2025-07-12 09:49:20 CEST.

Flavor Version Tinstall Tcheck Ttotal Status Flags
r-devel-linux-x86_64-debian-clang 2.0.1 12.35 100.35 112.70 NOTE
r-devel-linux-x86_64-debian-gcc 2.0.1 8.56 72.17 80.73 NOTE
r-devel-linux-x86_64-fedora-clang 2.0.1 165.79 OK
r-devel-linux-x86_64-fedora-gcc 2.0.1 169.56 OK
r-devel-windows-x86_64 2.0.1 13.00 121.00 134.00 OK
r-patched-linux-x86_64 2.0.1 11.53 93.93 105.46 OK
r-release-linux-x86_64 2.0.1 11.04 94.02 105.06 OK
r-release-macos-arm64 2.0.1 62.00 OK
r-release-macos-x86_64 2.0.1 99.00 OK
r-release-windows-x86_64 2.0.1 13.00 125.00 138.00 OK
r-oldrel-macos-arm64 2.0.1 51.00 OK
r-oldrel-macos-x86_64 2.0.1 80.00 OK
r-oldrel-windows-x86_64 2.0.1 16.00 147.00 163.00 OK

Check Details

Version: 2.0.1
Check: CRAN incoming feasibility
Result: NOTE Maintainer: ‘Berkley Shands <rpackages@biorankings.com>’ No Authors@R field in DESCRIPTION. Please add one, modifying Authors@R: c(person(given = c("Patricio", "S."), family = "La Rosa", role = "aut"), person(given = "Elena", family = "Deych", role = "aut"), person(given = "Sharina", family = "Carter", role = "aut"), person(given = "Berkley", family = "Shands", role = c("aut", "cre"), email = "rpackages@biorankings.com"), person(given = "Dake", family = "Yang", role = "aut"), person(given = c("William", "D."), family = "Shannon", role = "aut")) as necessary. Flavors: r-devel-linux-x86_64-debian-clang, r-devel-linux-x86_64-debian-gcc