Last updated on 2025-10-21 09:48:34 CEST.
Flavor | Version | Tinstall | Tcheck | Ttotal | Status | Flags |
---|---|---|---|---|---|---|
r-devel-linux-x86_64-debian-clang | 2.2.2 | 7.59 | 83.04 | 90.63 | OK | |
r-devel-linux-x86_64-debian-gcc | 2.2.2 | 6.82 | 62.45 | 69.27 | NOTE | |
r-devel-linux-x86_64-fedora-clang | 2.2.2 | 142.94 | OK | |||
r-devel-linux-x86_64-fedora-gcc | 2.2.2 | 135.47 | OK | |||
r-devel-windows-x86_64 | 2.2.2 | 10.00 | 88.00 | 98.00 | OK | |
r-patched-linux-x86_64 | 2.2.2 | 9.14 | 79.64 | 88.78 | OK | |
r-release-linux-x86_64 | 2.2.2 | 9.94 | 78.99 | 88.93 | OK | |
r-release-macos-arm64 | 2.2.2 | 46.00 | OK | |||
r-release-macos-x86_64 | 2.2.2 | 75.00 | OK | |||
r-release-windows-x86_64 | 2.2.2 | 11.00 | 89.00 | 100.00 | OK | |
r-oldrel-macos-arm64 | 2.2.2 | 41.00 | OK | |||
r-oldrel-macos-x86_64 | 2.2.2 | 81.00 | OK | |||
r-oldrel-windows-x86_64 | 2.2.2 | 15.00 | 110.00 | 125.00 | OK |
Version: 2.2.2
Check: top-level files
Result: NOTE
Found the following validation problem for the NEWS.Rd HTML conversion:
NEWS.html:552:1 (inst/NEWS.Rd:249): Warning: missing </ul> before </div>
NEWS.html:166:1 (inst/NEWS.Rd:73): Warning: <h4> anchor "Help-pages" already defined
NEWS.html:181:1 (inst/NEWS.Rd:81): Warning: <h4> anchor "Bug-correction" already defined
NEWS.html:210:1 (inst/NEWS.Rd:95): Warning: <h4> anchor "New-features" already defined
NEWS.html:272:1 (inst/NEWS.Rd:123): Warning: <h4> anchor "New-features" already defined
NEWS.html:283:1 (inst/NEWS.Rd:128): Warning: <h4> anchor "Other" already defined
NEWS.html:315:1 (inst/NEWS.Rd:143): Warning: <h4> anchor "New-features" already defined
NEWS.html:326:1 (inst/NEWS.Rd:148): Warning: <h4> anchor "Bug-correction" already defined
NEWS.html:340:1 (inst/NEWS.Rd:154): Warning: <h4> anchor "Help-pages" already defined
NEWS.html:385:1 (inst/NEWS.Rd:176): Warning: <h4> anchor "New-features" already defined
NEWS.html:420:1 (inst/NEWS.Rd:189): Warning: <h4> anchor "Bug-correction" already defined
NEWS.html:431:1 (inst/NEWS.Rd:194): Warning: <h4> anchor "Help-pages" already defined
NEWS.html:446:1 (inst/NEWS.Rd:202): Warning: <h4> anchor "Bug-correction" already defined
NEWS.html:490:1 (inst/NEWS.Rd:226): Warning: <h4> anchor "New-features" already defined
NEWS.html:510:1 (inst/NEWS.Rd:234): Warning: <h4> anchor "Bug-correction" already defined
Flavor: r-devel-linux-x86_64-debian-gcc