Last updated on 2025-10-21 09:48:34 CEST.
Flavor | Version | Tinstall | Tcheck | Ttotal | Status | Flags |
---|---|---|---|---|---|---|
r-devel-linux-x86_64-debian-clang | 2.0.3 | 19.50 | 212.93 | 232.43 | OK | |
r-devel-linux-x86_64-debian-gcc | 2.0.3 | 15.63 | 153.39 | 169.02 | NOTE | |
r-devel-linux-x86_64-fedora-clang | 2.0.3 | 380.72 | OK | |||
r-devel-linux-x86_64-fedora-gcc | 2.0.3 | 356.22 | OK | |||
r-devel-windows-x86_64 | 2.0.3 | 22.00 | 199.00 | 221.00 | OK | |
r-patched-linux-x86_64 | 2.0.3 | 19.56 | 200.54 | 220.10 | OK | |
r-release-linux-x86_64 | 2.0.3 | 21.74 | 200.20 | 221.94 | OK | |
r-release-macos-arm64 | 2.0.3 | 92.00 | OK | |||
r-release-macos-x86_64 | 2.0.3 | 192.00 | OK | |||
r-release-windows-x86_64 | 2.0.3 | 21.00 | 201.00 | 222.00 | OK | |
r-oldrel-macos-arm64 | 2.0.3 | 116.00 | OK | |||
r-oldrel-macos-x86_64 | 2.0.3 | 200.00 | OK | |||
r-oldrel-windows-x86_64 | 2.0.3 | 30.00 | 259.00 | 289.00 | OK |
Version: 2.0.3
Check: HTML version of manual
Result: NOTE
Found the following HTML validation problems:
prEnvModelCall.html:59:1 (prEnvModelCall.Rd:15): Warning: missing </ul> before </div>
prNlChooseDf.html:104:1 (prNlChooseDf.Rd:52): Warning: missing </ul> before </div>
prPrintCAstring.html:53:1 (prPrintCAstring.Rd:12): Warning: missing </ul> before </div>
Flavor: r-devel-linux-x86_64-debian-gcc