Last updated on 2025-10-21 09:48:34 CEST.
Flavor | Version | Tinstall | Tcheck | Ttotal | Status | Flags |
---|---|---|---|---|---|---|
r-devel-linux-x86_64-debian-clang | 0.5.1 | 47.34 | 75.81 | 123.15 | OK | |
r-devel-linux-x86_64-debian-gcc | 0.5.1 | 36.29 | 54.98 | 91.27 | NOTE | |
r-devel-linux-x86_64-fedora-clang | 0.5.1 | 194.56 | OK | |||
r-devel-linux-x86_64-fedora-gcc | 0.5.1 | 194.73 | OK | |||
r-devel-windows-x86_64 | 0.5.1 | 59.00 | 119.00 | 178.00 | OK | |
r-patched-linux-x86_64 | 0.5.1 | 55.31 | 59.90 | 115.21 | OK | |
r-release-linux-x86_64 | 0.5.1 | 56.78 | 59.18 | 115.96 | OK | |
r-release-macos-arm64 | 0.5.1 | 53.00 | OK | |||
r-release-macos-x86_64 | 0.5.1 | 98.00 | OK | |||
r-release-windows-x86_64 | 0.5.1 | 58.00 | 120.00 | 178.00 | OK | |
r-oldrel-macos-arm64 | 0.5.1 | 51.00 | NOTE | |||
r-oldrel-macos-x86_64 | 0.5.1 | 132.00 | NOTE | |||
r-oldrel-windows-x86_64 | 0.5.1 | 72.00 | 128.00 | 200.00 | OK |
Version: 0.5.1
Check: HTML version of manual
Result: NOTE
Found the following HTML validation problems:
condition_number.html:46:1 (condition_number.Rd:10): Warning: missing </ul> before </div>
expit.html:48:1 (expit.Rd:13): Warning: missing </ul> before </div>
fisher_scoring.html:73:1 (fisher_scoring.Rd:27): Warning: missing </ul> before </div>
get_linkfun.html:46:1 (get_linkfun.Rd:10): Warning: missing </ul> before </div>
get_penalty.html:58:1 (get_penalty.Rd:16): Warning: missing </ul> before </div>
get_start_parms.html:58:1 (get_start_parms.Rd:16): Warning: missing </ul> before </div>
pen_hi.html:58:1 (pen_hi.Rd:20): Warning: missing </ul> before </div>
pen_lo.html:58:1 (pen_lo.Rd:20): Warning: missing </ul> before </div>
pen_loglo.html:58:1 (pen_loglo.Rd:20): Warning: missing </ul> before </div>
sph_grad_xyz.html:51:1 (sph_grad_xyz.Rd:13): Warning: missing </ul> before </div>
summary.GpGp_fit.html:52:1 (summary.GpGp_fit.Rd:13): Warning: missing </ul> before </div>
test_likelihood_object.html:46:1 (test_likelihood_object.Rd:10): Warning: missing </ul> before </div>
Flavor: r-devel-linux-x86_64-debian-gcc
Version: 0.5.1
Check: installed package size
Result: NOTE
installed size is 8.0Mb
sub-directories of 1Mb or more:
data 1.4Mb
libs 6.3Mb
Flavors: r-oldrel-macos-arm64, r-oldrel-macos-x86_64