Last updated on 2025-10-21 09:48:33 CEST.
Flavor | Version | Tinstall | Tcheck | Ttotal | Status | Flags |
---|---|---|---|---|---|---|
r-devel-linux-x86_64-debian-clang | 1.0.3 | 7.98 | 72.33 | 80.31 | OK | |
r-devel-linux-x86_64-debian-gcc | 1.0.3 | 5.23 | 55.41 | 60.64 | NOTE | |
r-devel-linux-x86_64-fedora-clang | 1.0.3 | 121.08 | OK | |||
r-devel-linux-x86_64-fedora-gcc | 1.0.3 | 127.84 | OK | |||
r-devel-windows-x86_64 | 1.0.3 | 9.00 | 79.00 | 88.00 | OK | |
r-patched-linux-x86_64 | 1.0.3 | 6.90 | 67.67 | 74.57 | OK | |
r-release-linux-x86_64 | 1.0.3 | 7.50 | 67.58 | 75.08 | OK | |
r-release-macos-arm64 | 1.0.3 | 56.00 | OK | |||
r-release-macos-x86_64 | 1.0.3 | 81.00 | OK | |||
r-release-windows-x86_64 | 1.0.3 | 8.00 | 81.00 | 89.00 | OK | |
r-oldrel-macos-arm64 | 1.0.3 | 43.00 | OK | |||
r-oldrel-macos-x86_64 | 1.0.3 | 64.00 | OK | |||
r-oldrel-windows-x86_64 | 1.0.3 | 12.00 | 98.00 | 110.00 | OK |
Version: 1.0.3
Check: HTML version of manual
Result: NOTE
Found the following HTML validation problems:
geomongo.html:82:1 (geomongo.Rd:99): Warning: <h3> anchor "Methods" already defined
geomongo.html:158:1 (geomongo.Rd:142): Warning: <h5> anchor "Usage" already defined
geomongo.html:172:1 (geomongo.Rd:151): Warning: <h5> anchor "Usage" already defined
geomongo.html:178:1 (geomongo.Rd:155): Warning: <h5> anchor "Arguments" already defined
geomongo.html:201:1 (geomongo.Rd:169): Warning: <h5> anchor "Usage" already defined
geomongo.html:213:1 (geomongo.Rd:179): Warning: <h5> anchor "Arguments" already defined
geomongo.html:242:1 (geomongo.Rd:199): Warning: <h5> anchor "Usage" already defined
geomongo.html:255:1 (geomongo.Rd:210): Warning: <h5> anchor "Arguments" already defined
geomongo.html:288:1 (geomongo.Rd:233): Warning: <h5> anchor "Usage" already defined
geomongo.html:294:1 (geomongo.Rd:237): Warning: <h5> anchor "Arguments" already defined
Flavor: r-devel-linux-x86_64-debian-gcc