CRAN Package Check Results for Package GeNetIt

Last updated on 2025-10-21 09:48:33 CEST.

Flavor Version Tinstall Tcheck Ttotal Status Flags
r-devel-linux-x86_64-debian-clang 0.1-6 2.68 44.53 47.21 OK
r-devel-linux-x86_64-debian-gcc 0.1-6 1.98 31.61 33.59 NOTE
r-devel-linux-x86_64-fedora-clang 0.1-6 70.35 OK
r-devel-linux-x86_64-fedora-gcc 0.1-6 84.49 OK
r-devel-windows-x86_64 0.1-6 5.00 61.00 66.00 OK
r-patched-linux-x86_64 0.1-6 3.06 41.45 44.51 OK
r-release-linux-x86_64 0.1-6 2.85 42.90 45.75 OK
r-release-macos-arm64 0.1-6 31.00 OK
r-release-macos-x86_64 0.1-6 63.00 OK
r-release-windows-x86_64 0.1-6 5.00 62.00 67.00 OK
r-oldrel-macos-arm64 0.1-6 28.00 OK
r-oldrel-macos-x86_64 0.1-6 42.00 OK
r-oldrel-windows-x86_64 0.1-6 6.00 73.00 79.00 OK

Check Details

Version: 0.1-6
Check: HTML version of manual
Result: NOTE Found the following HTML validation problems: print.gravity.html:51:1 (print.gravity.Rd:12): Warning: missing </ul> before </div> Flavor: r-devel-linux-x86_64-debian-gcc