Last updated on 2025-10-21 09:48:33 CEST.
Flavor | Version | Tinstall | Tcheck | Ttotal | Status | Flags |
---|---|---|---|---|---|---|
r-devel-linux-x86_64-debian-clang | 2.0.10 | 5.92 | 35.93 | 41.85 | OK | |
r-devel-linux-x86_64-debian-gcc | 2.0.10 | 3.40 | 27.03 | 30.43 | NOTE | |
r-devel-linux-x86_64-fedora-clang | 2.0.10 | 58.63 | OK | |||
r-devel-linux-x86_64-fedora-gcc | 2.0.10 | 57.52 | OK | |||
r-devel-windows-x86_64 | 2.0.10 | 6.00 | 57.00 | 63.00 | OK | |
r-patched-linux-x86_64 | 2.0.10 | 6.25 | 33.95 | 40.20 | OK | |
r-release-linux-x86_64 | 2.0.10 | 5.96 | 33.66 | 39.62 | OK | |
r-release-macos-arm64 | 2.0.10 | 23.00 | OK | |||
r-release-macos-x86_64 | 2.0.10 | 40.00 | OK | |||
r-release-windows-x86_64 | 2.0.10 | 7.00 | 59.00 | 66.00 | OK | |
r-oldrel-macos-arm64 | 2.0.10 | 21.00 | OK | |||
r-oldrel-macos-x86_64 | 2.0.10 | 32.00 | OK | |||
r-oldrel-windows-x86_64 | 2.0.10 | 7.00 | 65.00 | 72.00 | OK |
Version: 2.0.10
Check: HTML version of manual
Result: NOTE
Found the following HTML validation problems:
constrain.html:54:1 (constrain.Rd:14): Warning: missing </ul> before </div>
expand.html:50:1 (expand.Rd:12): Warning: missing </ul> before </div>
getfreqs.html:50:1 (getfreqs.Rd:12): Warning: missing </ul> before </div>
grapes-bq-grapes.html:50:1 (grapes-bq-grapes.Rd:12): Warning: missing </ul> before </div>
grapes-bt-grapes.html:52:1 (grapes-bt-grapes.Rd:12): Warning: missing </ul> before </div>
hanning.window.html:46:1 (hanning.window.Rd:10): Warning: missing </ul> before </div>
print.stft.html:51:1 (print.stft.Rd:12): Warning: missing </ul> before </div>
pseudolines.html:59:1 (pseudolines.Rd:16): Warning: missing </ul> before </div>
removeZero.html:46:1 (removeZero.Rd:10): Warning: missing </ul> before </div>
seq.log.html:63:1 (seq.log.Rd:18): Warning: missing </ul> before </div>
shift.html:58:1 (shift.Rd:16): Warning: missing </ul> before </div>
stftcalc.html:106:1 (stftcalc.Rd:48): Warning: missing </ul> before </div>
subs.html:55:1 (subs.Rd:14): Warning: missing </ul> before </div>
uniform.window.html:46:1 (uniform.window.Rd:10): Warning: missing </ul> before </div>
Flavor: r-devel-linux-x86_64-debian-gcc