Last updated on 2025-10-21 09:48:33 CEST.
Flavor | Version | Tinstall | Tcheck | Ttotal | Status | Flags |
---|---|---|---|---|---|---|
r-devel-linux-x86_64-debian-clang | 2.3 | 15.89 | 207.12 | 223.01 | OK | |
r-devel-linux-x86_64-debian-gcc | 2.3 | 8.63 | 138.26 | 146.89 | NOTE | |
r-devel-linux-x86_64-fedora-clang | 2.3 | 333.63 | OK | |||
r-devel-linux-x86_64-fedora-gcc | 2.3 | 327.93 | OK | |||
r-devel-windows-x86_64 | 2.3 | 21.00 | 213.00 | 234.00 | OK | |
r-patched-linux-x86_64 | 2.3 | 15.92 | 197.69 | 213.61 | OK | |
r-release-linux-x86_64 | 2.3 | 15.20 | 196.10 | 211.30 | OK | |
r-release-macos-arm64 | 2.3 | 75.00 | OK | |||
r-release-macos-x86_64 | 2.3 | 125.00 | OK | |||
r-release-windows-x86_64 | 2.3 | 21.00 | 218.00 | 239.00 | OK | |
r-oldrel-macos-arm64 | 2.3 | 86.00 | OK | |||
r-oldrel-macos-x86_64 | 2.3 | 133.00 | OK | |||
r-oldrel-windows-x86_64 | 2.3 | 28.00 | 278.00 | 306.00 | OK |
Version: 2.3
Check: HTML version of manual
Result: NOTE
Found the following HTML validation problems:
deprecated.html:73:1 (deprecated.Rd:55): Warning: missing </ul> before </div>
translate.logit.html:46:1 (translate.logit.Rd:15): Warning: missing </ul> before </div>
Flavor: r-devel-linux-x86_64-debian-gcc