Last updated on 2025-07-12 09:49:18 CEST.
Flavor | Version | Tinstall | Tcheck | Ttotal | Status | Flags |
---|---|---|---|---|---|---|
r-devel-linux-x86_64-debian-clang | 0.7.2 | 8.37 | 64.21 | 72.58 | OK | |
r-devel-linux-x86_64-debian-gcc | 0.7.2 | 5.17 | 47.35 | 52.52 | OK | |
r-devel-linux-x86_64-fedora-clang | 0.7.2 | 120.64 | OK | |||
r-devel-linux-x86_64-fedora-gcc | 0.7.2 | 106.64 | OK | |||
r-devel-windows-x86_64 | 0.7.2 | 9.00 | 75.00 | 84.00 | OK | |
r-patched-linux-x86_64 | 0.7.2 | 8.63 | 61.34 | 69.97 | OK | |
r-release-linux-x86_64 | 0.7.2 | 7.61 | 60.37 | 67.98 | OK | |
r-release-macos-arm64 | 0.7.2 | 39.00 | OK | |||
r-release-macos-x86_64 | 0.7.2 | 66.00 | OK | |||
r-release-windows-x86_64 | 0.7.2 | 9.00 | 77.00 | 86.00 | OK | |
r-oldrel-macos-arm64 | 0.7.2 | 35.00 | NOTE | |||
r-oldrel-macos-x86_64 | 0.7.2 | 50.00 | NOTE | |||
r-oldrel-windows-x86_64 | 0.7.2 | 12.00 | 89.00 | 101.00 | NOTE |
Version: 0.7.2
Check: LazyData
Result: NOTE
'LazyData' is specified without a 'data' directory
Flavors: r-oldrel-macos-arm64, r-oldrel-macos-x86_64, r-oldrel-windows-x86_64