Last updated on 2025-10-21 09:48:32 CEST.
Flavor | Version | Tinstall | Tcheck | Ttotal | Status | Flags |
---|---|---|---|---|---|---|
r-devel-linux-x86_64-debian-clang | 1.0 | 3.60 | 72.68 | 76.28 | OK | |
r-devel-linux-x86_64-debian-gcc | 1.0 | 2.56 | 46.63 | 49.19 | NOTE | |
r-devel-linux-x86_64-fedora-clang | 1.0 | 123.16 | OK | |||
r-devel-linux-x86_64-fedora-gcc | 1.0 | 121.15 | OK | |||
r-devel-windows-x86_64 | 1.0 | 4.00 | 77.00 | 81.00 | OK | |
r-patched-linux-x86_64 | 1.0 | 4.31 | 68.02 | 72.33 | OK | |
r-release-linux-x86_64 | 1.0 | 3.67 | 69.13 | 72.80 | OK | |
r-release-macos-arm64 | 1.0 | 32.00 | OK | |||
r-release-macos-x86_64 | 1.0 | 70.00 | OK | |||
r-release-windows-x86_64 | 1.0 | 4.00 | 77.00 | 81.00 | OK | |
r-oldrel-macos-arm64 | 1.0 | 30.00 | OK | |||
r-oldrel-macos-x86_64 | 1.0 | 47.00 | OK | |||
r-oldrel-windows-x86_64 | 1.0 | 5.00 | 100.00 | 105.00 | OK |
Version: 1.0
Check: HTML version of manual
Result: NOTE
Found the following HTML validation problems:
print.FDfitted.html:51:1 (print.FDfitted.Rd:12): Warning: missing </ul> before </div>
Flavor: r-devel-linux-x86_64-debian-gcc