Last updated on 2025-10-21 09:48:32 CEST.
Flavor | Version | Tinstall | Tcheck | Ttotal | Status | Flags |
---|---|---|---|---|---|---|
r-devel-linux-x86_64-debian-clang | 0.9.5 | 12.03 | 96.19 | 108.22 | NOTE | |
r-devel-linux-x86_64-debian-gcc | 0.9.5 | 9.11 | 77.87 | 86.98 | NOTE | |
r-devel-linux-x86_64-fedora-clang | 0.9.5 | 162.00 | NOTE | |||
r-devel-linux-x86_64-fedora-gcc | 0.9.5 | 162.17 | NOTE | |||
r-devel-windows-x86_64 | 0.9.5 | 13.00 | 98.00 | 111.00 | NOTE | |
r-patched-linux-x86_64 | 0.9.5 | 12.21 | 88.00 | 100.21 | NOTE | |
r-release-linux-x86_64 | 0.9.5 | 11.77 | 87.13 | 98.90 | NOTE | |
r-release-macos-arm64 | 0.9.5 | 107.00 | NOTE | |||
r-release-macos-x86_64 | 0.9.5 | 132.00 | NOTE | |||
r-release-windows-x86_64 | 0.9.5 | 13.00 | 98.00 | 111.00 | NOTE | |
r-oldrel-macos-arm64 | 0.9.5 | 61.00 | NOTE | |||
r-oldrel-macos-x86_64 | 0.9.5 | 137.00 | NOTE | |||
r-oldrel-windows-x86_64 | 0.9.5 | 18.00 | 119.00 | 137.00 | NOTE |
Version: 0.9.5
Check: CRAN incoming feasibility
Result: NOTE
Maintainer: ‘Clayton Vieira Fraga Filho <forestgrowthsoftware@gmail.com>’
No Authors@R field in DESCRIPTION.
Please add one, modifying
Authors@R: c(person(given = c("Clayton", "Vieira", "Fraga"),
family = "Filho",
role = c("aut", "cre"),
email = "forestgrowthsoftware@gmail.com"),
person(given = c("Ana", "Paula"),
family = "Simiqueli",
role = "aut"),
person(given = c("Gilson", "Fernandes", "da"),
family = "Silva",
role = "aut"),
person(given = "Miqueias",
family = "Fernandes",
role = "aut"),
person(given = c("Wagner", "Amorim", "da", "Silva"),
family = "Altoe",
role = "aut"))
as necessary.
Flavors: r-devel-linux-x86_64-debian-clang, r-devel-linux-x86_64-debian-gcc
Version: 0.9.5
Check: Rd files
Result: NOTE
checkRd: (-1) contemParametros.Rd:19: Lost braces
19 | \item{exclui3pontos}{verify por ... ? in f<-function(a, ...){ }}
| ^
Flavors: r-devel-linux-x86_64-debian-clang, r-devel-linux-x86_64-debian-gcc, r-devel-linux-x86_64-fedora-clang, r-devel-linux-x86_64-fedora-gcc, r-devel-windows-x86_64, r-patched-linux-x86_64, r-release-linux-x86_64, r-release-macos-arm64, r-release-macos-x86_64, r-release-windows-x86_64, r-oldrel-macos-arm64, r-oldrel-macos-x86_64, r-oldrel-windows-x86_64
Version: 0.9.5
Check: HTML version of manual
Result: NOTE
Found the following HTML validation problems:
avaliaAjuste.html:84:1 (avaliaAjuste.Rd:30): Warning: missing </ul> before </div>
defineClasses.html:67:1 (defineClasses.Rd:21): Warning: missing </ul> before </div>
getGraphicHistogram.html:67:1 (getGraphicHistogram.Rd:21): Warning: missing </ul> before </div>
getGraphicObservadoXEstimado.html:85:1 (getGraphicObservadoXEstimado.Rd:31): Warning: missing </ul> before </div>
getGraphicResiduoAbs.html:81:1 (getGraphicResiduoAbs.Rd:29): Warning: missing </ul> before </div>
getGraphicResiduoPerc.html:81:1 (getGraphicResiduoPerc.Rd:29): Warning: missing </ul> before </div>
rrmse.html:50:1 (rrmse.Rd:12): Warning: missing </ul> before </div>
salvaModelo.html:50:1 (salvaModelo.Rd:12): Warning: missing </ul> before </div>
separaDados.html:58:1 (separaDados.Rd:16): Warning: missing </ul> before </div>
syx.html:58:1 (syx.Rd:16): Warning: missing </ul> before </div>
syxPerc.html:50:1 (syxPerc.Rd:12): Warning: missing </ul> before </div>
Flavor: r-devel-linux-x86_64-debian-gcc
Version: 0.9.5
Check: LazyData
Result: NOTE
'LazyData' is specified without a 'data' directory
Flavors: r-oldrel-macos-arm64, r-oldrel-macos-x86_64, r-oldrel-windows-x86_64