Last updated on 2025-07-12 09:49:18 CEST.
Flavor | Version | Tinstall | Tcheck | Ttotal | Status | Flags |
---|---|---|---|---|---|---|
r-devel-linux-x86_64-debian-clang | 0.1.4 | 5.05 | 135.61 | 140.66 | NOTE | |
r-devel-linux-x86_64-debian-gcc | 0.1.4 | 3.93 | 84.34 | 88.27 | NOTE | |
r-devel-linux-x86_64-fedora-clang | 0.1.4 | 222.25 | OK | |||
r-devel-linux-x86_64-fedora-gcc | 0.1.4 | 216.36 | OK | |||
r-devel-windows-x86_64 | 0.1.4 | 6.00 | 146.00 | 152.00 | OK | |
r-patched-linux-x86_64 | 0.1.4 | 5.77 | 127.95 | 133.72 | OK | |
r-release-linux-x86_64 | 0.1.4 | 4.50 | 129.08 | 133.58 | OK | |
r-release-macos-arm64 | 0.1.4 | 70.00 | OK | |||
r-release-macos-x86_64 | 0.1.4 | 155.00 | OK | |||
r-release-windows-x86_64 | 0.1.4 | 6.00 | 145.00 | 151.00 | OK | |
r-oldrel-macos-arm64 | 0.1.4 | 62.00 | OK | |||
r-oldrel-macos-x86_64 | 0.1.4 | 113.00 | OK | |||
r-oldrel-windows-x86_64 | 0.1.4 | 8.00 | 198.00 | 206.00 | OK |
Version: 0.1.4
Check: CRAN incoming feasibility
Result: NOTE
Maintainer: ‘Lealand Morin <lealand.morin@ucf.edu>’
Package CITATION file contains call(s) to old-style citEntry(). Please
use bibentry() instead.
Flavors: r-devel-linux-x86_64-debian-clang, r-devel-linux-x86_64-debian-gcc