Last updated on 2025-10-21 09:48:31 CEST.
Flavor | Version | Tinstall | Tcheck | Ttotal | Status | Flags |
---|---|---|---|---|---|---|
r-devel-linux-x86_64-debian-clang | 0.1.1 | 8.05 | 77.63 | 85.68 | NOTE | |
r-devel-linux-x86_64-debian-gcc | 0.1.1 | 5.66 | 55.29 | 60.95 | NOTE | |
r-devel-linux-x86_64-fedora-clang | 0.1.1 | 128.77 | OK | |||
r-devel-linux-x86_64-fedora-gcc | 0.1.1 | 121.67 | OK | |||
r-devel-windows-x86_64 | 0.1.1 | 10.00 | 80.00 | 90.00 | NOTE | |
r-patched-linux-x86_64 | 0.1.1 | 8.76 | 69.85 | 78.61 | NOTE | |
r-release-linux-x86_64 | 0.1.1 | 8.47 | 69.20 | 77.67 | NOTE | |
r-release-macos-arm64 | 0.1.1 | 34.00 | OK | |||
r-release-macos-x86_64 | 0.1.1 | 59.00 | OK | |||
r-release-windows-x86_64 | 0.1.1 | 11.00 | 93.00 | 104.00 | NOTE | |
r-oldrel-macos-arm64 | 0.1.1 | 31.00 | OK | |||
r-oldrel-macos-x86_64 | 0.1.1 | 50.00 | OK | |||
r-oldrel-windows-x86_64 | 0.1.1 | 13.00 | 103.00 | 116.00 | OK |
Version: 0.1.1
Check: Rd cross-references
Result: NOTE
Found the following Rd file(s) with Rd \link{} targets missing package
anchors:
SMART.Rd: data.table
Please provide package anchors for all Rd \link{} targets not in the
package itself and the base packages.
Flavors: r-devel-linux-x86_64-debian-clang, r-devel-linux-x86_64-debian-gcc, r-devel-windows-x86_64, r-patched-linux-x86_64, r-release-linux-x86_64, r-release-windows-x86_64
Version: 0.1.1
Check: HTML version of manual
Result: NOTE
Found the following HTML validation problems:
ClustPredictor.html:172:1 (ClustPredictor.Rd:134): Warning: <h5> anchor "Usage" already defined
ClustPredictor.html:178:1 (ClustPredictor.Rd:138): Warning: <h5> anchor "Arguments" already defined
IDEA.html:212:1 (IDEA.Rd:163): Warning: <h5> anchor "Usage" already defined
IDEA.html:218:1 (IDEA.Rd:167): Warning: <h5> anchor "Arguments" already defined
IDEA.html:232:1 (IDEA.Rd:175): Warning: <h5> anchor "Returns" already defined
IDEA.html:250:1 (IDEA.Rd:185): Warning: <h5> anchor "Usage" already defined
IDEA.html:256:1 (IDEA.Rd:189): Warning: <h5> anchor "Arguments" already defined
IDEA.html:270:1 (IDEA.Rd:197): Warning: <h5> anchor "Returns" already defined
IDEA.html:288:1 (IDEA.Rd:207): Warning: <h5> anchor "Usage" already defined
IDEA.html:294:1 (IDEA.Rd:211): Warning: <h5> anchor "Arguments" already defined
SMART.html:221:1 (SMART.Rd:179): Warning: <h5> anchor "Usage" already defined
SMART.html:227:1 (SMART.Rd:183): Warning: <h5> anchor "Returns" already defined
SMART.html:247:1 (SMART.Rd:195): Warning: <h5> anchor "Usage" already defined
SMART.html:253:1 (SMART.Rd:199): Warning: <h5> anchor "Arguments" already defined
SMART.html:292:1 (SMART.Rd:229): Warning: <h5> anchor "Returns" already defined
SMART.html:309:1 (SMART.Rd:238): Warning: <h5> anchor "Usage" already defined
SMART.html:315:1 (SMART.Rd:242): Warning: <h5> anchor "Arguments" already defined
Flavor: r-devel-linux-x86_64-debian-gcc