Last updated on 2025-10-21 09:48:31 CEST.
Flavor | Version | Tinstall | Tcheck | Ttotal | Status | Flags |
---|---|---|---|---|---|---|
r-devel-linux-x86_64-debian-clang | 0.3.5 | 9.26 | 122.75 | 132.01 | NOTE | |
r-devel-linux-x86_64-debian-gcc | 0.3.5 | 7.82 | 88.49 | 96.31 | NOTE | |
r-devel-linux-x86_64-fedora-clang | 0.3.5 | 206.57 | OK | |||
r-devel-linux-x86_64-fedora-gcc | 0.3.5 | 205.37 | OK | |||
r-devel-windows-x86_64 | 0.3.5 | 12.00 | 126.00 | 138.00 | OK | |
r-patched-linux-x86_64 | 0.3.5 | 10.74 | 115.88 | 126.62 | OK | |
r-release-linux-x86_64 | 0.3.5 | 8.73 | 117.79 | 126.52 | OK | |
r-release-macos-arm64 | 0.3.5 | 56.00 | OK | |||
r-release-macos-x86_64 | 0.3.5 | 116.00 | OK | |||
r-release-windows-x86_64 | 0.3.5 | 12.00 | 141.00 | 153.00 | OK | |
r-oldrel-macos-arm64 | 0.3.5 | 48.00 | OK | |||
r-oldrel-macos-x86_64 | 0.3.5 | 80.00 | OK | |||
r-oldrel-windows-x86_64 | 0.3.5 | 18.00 | 168.00 | 186.00 | OK |
Version: 0.3.5
Check: CRAN incoming feasibility
Result: NOTE
Maintainer: ‘Sowmya Chandrasekaran <sowzz.17@gmail.com>’
Package CITATION file contains call(s) to old-style personList() or
as.personList(). Please use c() on person objects instead.
Flavors: r-devel-linux-x86_64-debian-clang, r-devel-linux-x86_64-debian-gcc
Version: 0.3.5
Check: HTML version of manual
Result: NOTE
Found the following HTML validation problems:
print.edObject.html:52:1 (print.edObject.Rd:12): Warning: missing </ul> before </div>
Flavor: r-devel-linux-x86_64-debian-gcc