Last updated on 2025-02-21 09:50:43 CET.
Flavor | Version | Tinstall | Tcheck | Ttotal | Status | Flags |
---|---|---|---|---|---|---|
r-devel-linux-x86_64-debian-clang | 1.0.4 | 15.30 | 117.43 | 132.73 | OK | |
r-devel-linux-x86_64-debian-gcc | 1.0.4 | 10.80 | 77.64 | 88.44 | OK | |
r-devel-linux-x86_64-fedora-clang | 1.0.4 | 202.42 | OK | |||
r-devel-linux-x86_64-fedora-gcc | 1.0.4 | 202.10 | OK | |||
r-devel-macos-arm64 | 1.0.4 | 58.00 | OK | |||
r-devel-macos-x86_64 | 1.0.4 | 130.00 | OK | |||
r-devel-windows-x86_64 | 1.0.4 | 17.00 | 115.00 | 132.00 | OK | |
r-patched-linux-x86_64 | 1.0.4 | 15.15 | 107.39 | 122.54 | OK | |
r-release-linux-x86_64 | 1.0.4 | 13.40 | 107.48 | 120.88 | OK | |
r-release-macos-arm64 | 1.0.4 | 56.00 | NOTE | |||
r-release-macos-x86_64 | 1.0.4 | 87.00 | NOTE | |||
r-release-windows-x86_64 | 1.0.4 | 16.00 | 115.00 | 131.00 | OK | |
r-oldrel-macos-arm64 | 1.0.4 | 59.00 | NOTE | |||
r-oldrel-macos-x86_64 | 1.0.4 | 94.00 | NOTE | |||
r-oldrel-windows-x86_64 | 1.0.4 | 22.00 | 141.00 | 163.00 | OK |
Version: 1.0.4
Check: package dependencies
Result: NOTE
Package suggested but not available for checking: ‘Rmpi’
Flavors: r-release-macos-arm64, r-release-macos-x86_64, r-oldrel-macos-arm64, r-oldrel-macos-x86_64