Last updated on 2025-10-21 09:48:31 CEST.
Flavor | Version | Tinstall | Tcheck | Ttotal | Status | Flags |
---|---|---|---|---|---|---|
r-devel-linux-x86_64-debian-clang | 2.0.1 | 9.88 | 143.88 | 153.76 | OK | |
r-devel-linux-x86_64-debian-gcc | 2.0.1 | 6.49 | 106.78 | 113.27 | NOTE | |
r-devel-linux-x86_64-fedora-clang | 2.0.1 | 222.08 | OK | |||
r-devel-linux-x86_64-fedora-gcc | 2.0.1 | 231.96 | OK | |||
r-devel-windows-x86_64 | 2.0.1 | 12.00 | 230.00 | 242.00 | OK | |
r-patched-linux-x86_64 | 2.0.1 | 9.05 | 134.70 | 143.75 | OK | |
r-release-linux-x86_64 | 2.0.1 | 9.27 | 133.53 | 142.80 | OK | |
r-release-macos-arm64 | 2.0.1 | 230.00 | OK | |||
r-release-macos-x86_64 | 2.0.1 | 592.00 | OK | |||
r-release-windows-x86_64 | 2.0.1 | 14.00 | 227.00 | 241.00 | OK | |
r-oldrel-macos-arm64 | 2.0.1 | 240.00 | OK | |||
r-oldrel-macos-x86_64 | 2.0.1 | 590.00 | OK | |||
r-oldrel-windows-x86_64 | 2.0.1 | 17.00 | 286.00 | 303.00 | OK |
Version: 2.0.1
Check: HTML version of manual
Result: NOTE
Found the following HTML validation problems:
checkIndex.html:50:1 (checkIndex.Rd:12): Warning: missing </ul> before </div>
fragilityRow.html:54:1 (fragilityRow.Rd:14): Warning: missing </ul> before </div>
ridgeR2.html:56:1 (ridgeR2.Rd:16): Warning: missing </ul> before </div>
Flavor: r-devel-linux-x86_64-debian-gcc