Last updated on 2025-10-21 09:48:31 CEST.
Flavor | Version | Tinstall | Tcheck | Ttotal | Status | Flags |
---|---|---|---|---|---|---|
r-devel-linux-x86_64-debian-clang | 1.3 | 5.81 | 30.17 | 35.98 | NOTE | |
r-devel-linux-x86_64-debian-gcc | 1.3 | 3.80 | 23.05 | 26.85 | NOTE | |
r-devel-linux-x86_64-fedora-clang | 1.3 | 52.84 | OK | |||
r-devel-linux-x86_64-fedora-gcc | 1.3 | 50.09 | OK | |||
r-devel-windows-x86_64 | 1.3 | 7.00 | 53.00 | 60.00 | OK | |
r-patched-linux-x86_64 | 1.3 | 5.86 | 28.98 | 34.84 | OK | |
r-release-linux-x86_64 | 1.3 | 5.42 | 28.53 | 33.95 | OK | |
r-release-macos-arm64 | 1.3 | 19.00 | OK | |||
r-release-macos-x86_64 | 1.3 | 33.00 | OK | |||
r-release-windows-x86_64 | 1.3 | 6.00 | 54.00 | 60.00 | OK | |
r-oldrel-macos-arm64 | 1.3 | 19.00 | OK | |||
r-oldrel-macos-x86_64 | 1.3 | 28.00 | OK | |||
r-oldrel-windows-x86_64 | 1.3 | 7.00 | 52.00 | 59.00 | OK |
Version: 1.3
Check: CRAN incoming feasibility
Result: NOTE
Maintainer: ‘Wassim Youssef <Wassim.G.Youssef@gmail.com>’
No Authors@R field in DESCRIPTION.
Please add one, modifying
Authors@R: c(person(given = "Jean-Charles",
family = "Croix",
role = "aut"),
person(given = "Thierry",
family = "Moudiki",
role = "aut"),
person(given = "Frédéric",
family = "Planchet",
role = "aut"),
person(given = "Wassim",
family = "Youssef",
role = c("aut", "cre"),
email = "wassim.g.youssef@gmail.com"))
as necessary.
Flavors: r-devel-linux-x86_64-debian-clang, r-devel-linux-x86_64-debian-gcc
Version: 1.3
Check: HTML version of manual
Result: NOTE
Found the following HTML validation problems:
Bond_PriceDistribution.html:52:1 (Bond_PriceDistribution.Rd:12): Warning: missing </ul> before </div>
CBond_PriceDistribution.html:56:1 (CBond_PriceDistribution.Rd:14): Warning: missing </ul> before </div>
CDSPremium_PriceDistribution.html:49:1 (CDSPremium_PriceDistribution.Rd:10): Warning: missing </ul> before </div>
ConvBond_PriceDistribution.html:60:1 (ConvBond_PriceDistribution.Rd:17): Warning: missing </ul> before </div>
EuroCall_Stock_PriceDistribution.html:48:1 (EuroCall_Stock_PriceDistribution.Rd:10): Warning: missing </ul> before </div>
EuroCall_ZC_PriceDistribution.html:52:1 (EuroCall_ZC_PriceDistribution.Rd:12): Warning: missing </ul> before </div>
EuroPut_Stock_PriceDistribution.html:48:1 (EuroPut_Stock_PriceDistribution.Rd:10): Warning: missing </ul> before </div>
EuroPut_ZC_PriceDistribution.html:52:1 (EuroPut_ZC_PriceDistribution.Rd:12): Warning: missing </ul> before </div>
ZCBond_PriceDistribution.html:44:1 (ZCBond_PriceDistribution.Rd:8): Warning: missing </ul> before </div>
setRiskParamsScenariosRE.html:55:1 (setRiskParamsScenariosRE.Rd:13): Warning: missing </ul> before </div>
setRiskParamsScenariosS.html:59:1 (setRiskParamsScenariosS.Rd:15): Warning: missing </ul> before </div>
setRiskParamsScenariosdefSpr.html:55:1 (setRiskParamsScenariosdefSpr.Rd:13): Warning: missing </ul> before </div>
setRiskParamsScenariosliqSpr.html:46:1 (setRiskParamsScenariosliqSpr.Rd:8): Warning: missing </ul> before </div>
setRiskParamsScenariosrt.html:46:1 (setRiskParamsScenariosrt.Rd:8): Warning: missing </ul> before </div>
Flavor: r-devel-linux-x86_64-debian-gcc