Last updated on 2025-10-21 09:48:30 CEST.
Flavor | Version | Tinstall | Tcheck | Ttotal | Status | Flags |
---|---|---|---|---|---|---|
r-devel-linux-x86_64-debian-clang | 1.7 | 12.32 | 88.34 | 100.66 | NOTE | |
r-devel-linux-x86_64-debian-gcc | 1.7 | 9.99 | 68.03 | 78.02 | NOTE | |
r-devel-linux-x86_64-fedora-clang | 1.7 | 155.93 | OK | |||
r-devel-linux-x86_64-fedora-gcc | 1.7 | 152.94 | OK | |||
r-devel-windows-x86_64 | 1.7 | 13.00 | 87.00 | 100.00 | OK | |
r-patched-linux-x86_64 | 1.7 | 13.36 | 86.13 | 99.49 | OK | |
r-release-linux-x86_64 | 1.7 | 13.60 | 84.62 | 98.22 | OK | |
r-release-macos-arm64 | 1.7 | 49.00 | OK | |||
r-release-macos-x86_64 | 1.7 | 74.00 | OK | |||
r-release-windows-x86_64 | 1.7 | 15.00 | 90.00 | 105.00 | OK | |
r-oldrel-macos-arm64 | 1.7 | 43.00 | OK | |||
r-oldrel-macos-x86_64 | 1.7 | 61.00 | OK | |||
r-oldrel-windows-x86_64 | 1.7 | 17.00 | 108.00 | 125.00 | OK |
Version: 1.7
Check: CRAN incoming feasibility
Result: NOTE
Maintainer: ‘Wassim Youssef <Wassim.G.Youssef@gmail.com>’
No Authors@R field in DESCRIPTION.
Please add one, modifying
Authors@R: c(person(given = "Julien",
family = "Tomas",
role = "aut"),
person(given = "Frederic",
family = "Planchet",
role = "aut"),
person(given = "Wassim",
family = "Youssef",
role = c("aut", "cre"),
email = "wassim.g.youssef@gmail.com"))
as necessary.
Flavors: r-devel-linux-x86_64-debian-clang, r-devel-linux-x86_64-debian-gcc
Version: 1.7
Check: HTML version of manual
Result: NOTE
Found the following HTML validation problems:
AddReference.html:54:1 (AddReference.Rd:14): Warning: missing </ul> before </div>
ComparisonMethods.html:81:1 (ComparisonMethods.Rd:29): Warning: missing </ul> before </div>
CompletionA.html:76:1 (CompletionA.Rd:26): Warning: missing </ul> before </div>
CompletionB.html:67:1 (CompletionB.Rd:21): Warning: missing </ul> before </div>
Dispersion.html:67:1 (Dispersion.Rd:21): Warning: missing </ul> before </div>
FctMethod1.html:70:1 (FctMethod1.Rd:22): Warning: missing </ul> before </div>
FctMethod2.html:70:1 (FctMethod2.Rd:22): Warning: missing </ul> before </div>
FctMethod3.html:70:1 (FctMethod3.Rd:22): Warning: missing </ul> before </div>
FctMethod4_1stPart.html:66:1 (FctMethod4_1stPart.Rd:20): Warning: missing </ul> before </div>
FctMethod4_2ndPart.html:78:1 (FctMethod4_2ndPart.Rd:26): Warning: missing </ul> before </div>
Method1.html:58:1 (Method1.Rd:16): Warning: missing </ul> before </div>
Method2.html:58:1 (Method2.Rd:16): Warning: missing </ul> before </div>
Method3.html:58:1 (Method3.Rd:16): Warning: missing </ul> before </div>
Method4A.html:58:1 (Method4A.Rd:16): Warning: missing </ul> before </div>
Method4B.html:71:1 (Method4B.Rd:23): Warning: missing </ul> before </div>
NoCompletion.html:63:1 (NoCompletion.Rd:19): Warning: missing </ul> before </div>
ReadHistory.html:77:1 (ReadHistory.Rd:29): Warning: missing </ul> before </div>
SurfacePlot.html:62:1 (SurfacePlot.Rd:18): Warning: missing </ul> before </div>
ValidationLevel1.html:71:1 (ValidationLevel1.Rd:23): Warning: missing </ul> before </div>
ValidationLevel2.html:62:1 (ValidationLevel2.Rd:18): Warning: missing </ul> before </div>
ValidationLevel3.html:63:1 (ValidationLevel3.Rd:19): Warning: missing </ul> before </div>
Flavor: r-devel-linux-x86_64-debian-gcc