Last updated on 2025-10-21 09:48:30 CEST.
Flavor | Version | Tinstall | Tcheck | Ttotal | Status | Flags |
---|---|---|---|---|---|---|
r-devel-linux-x86_64-debian-clang | 4.16 | 26.35 | 109.85 | 136.20 | OK | |
r-devel-linux-x86_64-debian-gcc | 4.16 | 16.67 | 75.35 | 92.02 | NOTE | |
r-devel-linux-x86_64-fedora-clang | 4.16 | 209.47 | OK | |||
r-devel-linux-x86_64-fedora-gcc | 4.16 | 197.71 | OK | |||
r-devel-windows-x86_64 | 4.16 | 30.00 | 140.00 | 170.00 | OK | |
r-patched-linux-x86_64 | 4.16 | 30.67 | 106.79 | 137.46 | OK | |
r-release-linux-x86_64 | 4.16 | 27.17 | 104.99 | 132.16 | OK | |
r-release-macos-arm64 | 4.16 | 56.00 | OK | |||
r-release-macos-x86_64 | 4.16 | 108.00 | OK | |||
r-release-windows-x86_64 | 4.16 | 29.00 | 141.00 | 170.00 | OK | |
r-oldrel-macos-arm64 | 4.16 | 56.00 | OK | |||
r-oldrel-macos-x86_64 | 4.16 | 129.00 | OK | |||
r-oldrel-windows-x86_64 | 4.16 | 43.00 | 171.00 | 214.00 | OK |
Version: 4.16
Check: HTML version of manual
Result: NOTE
Found the following HTML validation problems:
OptimStep.html:58:1 (OptimStep.Rd:17): Warning: missing </ul> before </div>
classif.html:56:1 (classif.Rd:17): Warning: missing </ul> before </div>
estimator.html:75:1 (estimator.Rd:29): Warning: missing </ul> before </div>
fittedCont.html:54:1 (fittedCont.Rd:15): Warning: missing </ul> before </div>
fittedMain.html:54:1 (fittedMain.Rd:15): Warning: missing </ul> before </div>
genetic.html:53:1 (genetic.Rd:15): Warning: missing </ul> before </div>
newBOWL.html:122:1 (newBOWL.Rd:63): Warning: missing </ul> before </div>
newCVInfo.html:71:1 (newCVInfo.Rd:32): Warning: missing </ul> before </div>
newCVInfoObj.html:69:1 (newCVInfoObj.Rd:23): Warning: missing </ul> before </div>
newClassificationFit.html:73:1 (newClassificationFit.Rd:29): Warning: missing </ul> before </div>
newClassificationObj.html:65:1 (newClassificationObj.Rd:22): Warning: missing </ul> before </div>
newKernelObj.html:57:1 (newKernelObj.Rd:18): Warning: missing </ul> before </div>
newOptimObj.html:65:1 (newOptimObj.Rd:23): Warning: missing </ul> before </div>
newOptimalSeq.html:497:1 (newOptimalSeq.Rd:435): Warning: missing </ul> before </div>
newOutcomeFit.html:103:1 (newOutcomeFit.Rd:59): Warning: missing </ul> before </div>
newOutcomeObj.html:75:1 (newOutcomeObj.Rd:30): Warning: missing </ul> before </div>
newPropensityFit.html:63:1 (newPropensityFit.Rd:24): Warning: missing </ul> before </div>
newPropensityObj.html:60:1 (newPropensityObj.Rd:20): Warning: missing </ul> before </div>
newRWL.html:64:1 (newRWL.Rd:28): Warning: missing </ul> before </div>
newRegime.html:49:1 (newRegime.Rd:13): Warning: missing </ul> before </div>
newRegimeObj.html:52:1 (newRegimeObj.Rd:16): Warning: missing </ul> before </div>
newTypedFit.html:65:1 (newTypedFit.Rd:24): Warning: missing </ul> before </div>
newTypedFitObj.html:57:1 (newTypedFitObj.Rd:17): Warning: missing </ul> before </div>
optimObj.html:64:1 (optimObj.Rd:25): Warning: missing </ul> before </div>
residuals.html:56:1 (residuals.Rd:19): Warning: missing </ul> before </div>
sd.html:54:1 (sd.Rd:16): Warning: missing </ul> before </div>
Flavor: r-devel-linux-x86_64-debian-gcc