Last updated on 2025-10-21 09:48:30 CEST.
Flavor | Version | Tinstall | Tcheck | Ttotal | Status | Flags |
---|---|---|---|---|---|---|
r-devel-linux-x86_64-debian-clang | 1.1.5 | 8.01 | 655.90 | 663.91 | OK | |
r-devel-linux-x86_64-debian-gcc | 1.1.5 | 4.87 | 439.64 | 444.51 | NOTE | |
r-devel-linux-x86_64-fedora-clang | 1.1.5 | 1086.07 | OK | |||
r-devel-linux-x86_64-fedora-gcc | 1.1.5 | 974.73 | OK | |||
r-devel-windows-x86_64 | 1.1.5 | 11.00 | 515.00 | 526.00 | OK | |
r-patched-linux-x86_64 | 1.1.5 | 8.75 | 622.53 | 631.28 | OK | |
r-release-linux-x86_64 | 1.1.5 | 7.93 | 609.53 | 617.46 | OK | |
r-release-macos-arm64 | 1.1.5 | 189.00 | OK | |||
r-release-macos-x86_64 | 1.1.5 | 432.00 | OK | |||
r-release-windows-x86_64 | 1.1.5 | 11.00 | 521.00 | 532.00 | OK | |
r-oldrel-macos-arm64 | 1.1.5 | 274.00 | OK | |||
r-oldrel-macos-x86_64 | 1.1.5 | 388.00 | OK | |||
r-oldrel-windows-x86_64 | 1.1.5 | 14.00 | 786.00 | 800.00 | OK |
Version: 1.1.5
Check: HTML version of manual
Result: NOTE
Found the following HTML validation problems:
ShinyApp.html:144:1 (ShinyApp.Rd:73): Warning: missing </ul> before </div>
ShinyApp.html:121:1 (ShinyApp.Rd:62): Warning: <h5> anchor "Usage" already defined
ShinyApp.html:127:1 (ShinyApp.Rd:66): Warning: <h5> anchor "Arguments" already defined
ShinyModule.html:224:1 (ShinyModule.Rd:122): Warning: missing </ul> before </div>
ShinyModule.html:115:1 (ShinyModule.Rd:61): Warning: <h5> anchor "Usage" already defined
ShinyModule.html:121:1 (ShinyModule.Rd:65): Warning: <h5> anchor "Returns" already defined
ShinyModule.html:138:1 (ShinyModule.Rd:74): Warning: <h5> anchor "Usage" already defined
ShinyModule.html:144:1 (ShinyModule.Rd:78): Warning: <h5> anchor "Returns" already defined
ShinyModule.html:161:1 (ShinyModule.Rd:87): Warning: <h5> anchor "Usage" already defined
ShinyModule.html:184:1 (ShinyModule.Rd:102): Warning: <h5> anchor "Returns" already defined
ShinyModule.html:201:1 (ShinyModule.Rd:111): Warning: <h5> anchor "Usage" already defined
ShinyModule.html:207:1 (ShinyModule.Rd:115): Warning: <h5> anchor "Arguments" already defined
checkDbType.html:54:1 (checkDbType.Rd:14): Warning: missing </ul> before </div>
checkIngredientInTable.html:58:1 (checkIngredientInTable.Rd:16): Warning: missing </ul> before </div>
checkIsIngredient.html:54:1 (checkIsIngredient.Rd:14): Warning: missing </ul> before </div>
checkLogical.html:54:1 (checkLogical.Rd:14): Warning: missing </ul> before </div>
checkSampleMinCellCount.html:54:1 (checkSampleMinCellCount.Rd:14): Warning: missing </ul> before </div>
checkTableExists.html:54:1 (checkTableExists.Rd:14): Warning: missing </ul> before </div>
dataPlotPanel.html:197:1 (dataPlotPanel.Rd:119): Warning: missing </ul> before </div>
dataPlotPanel.html:151:1 (dataPlotPanel.Rd:95): Warning: <h5> anchor "Usage" already defined
dataPlotPanel.html:157:1 (dataPlotPanel.Rd:99): Warning: <h5> anchor "Returns" already defined
dataPlotPanel.html:174:1 (dataPlotPanel.Rd:108): Warning: <h5> anchor "Usage" already defined
dataPlotPanel.html:180:1 (dataPlotPanel.Rd:112): Warning: <h5> anchor "Arguments" already defined
metaDataPanel.html:179:1 (metaDataPanel.Rd:101): Warning: missing </ul> before </div>
metaDataPanel.html:133:1 (metaDataPanel.Rd:77): Warning: <h5> anchor "Usage" already defined
metaDataPanel.html:139:1 (metaDataPanel.Rd:81): Warning: <h5> anchor "Returns" already defined
metaDataPanel.html:156:1 (metaDataPanel.Rd:90): Warning: <h5> anchor "Usage" already defined
metaDataPanel.html:162:1 (metaDataPanel.Rd:94): Warning: <h5> anchor "Arguments" already defined
validateChecks.html:50:1 (validateChecks.Rd:12): Warning: missing </ul> before </div>
Flavor: r-devel-linux-x86_64-debian-gcc