Last updated on 2025-10-21 09:48:30 CEST.
Flavor | Version | Tinstall | Tcheck | Ttotal | Status | Flags |
---|---|---|---|---|---|---|
r-devel-linux-x86_64-debian-clang | 0.2 | 1.40 | 20.11 | 21.51 | NOTE | |
r-devel-linux-x86_64-debian-gcc | 0.2 | 1.30 | 16.78 | 18.08 | NOTE | |
r-devel-linux-x86_64-fedora-clang | 0.2 | 31.57 | OK | |||
r-devel-linux-x86_64-fedora-gcc | 0.2 | 30.73 | OK | |||
r-devel-windows-x86_64 | 0.2 | 3.00 | 39.00 | 42.00 | OK | |
r-patched-linux-x86_64 | 0.2 | 1.49 | 18.99 | 20.48 | OK | |
r-release-linux-x86_64 | 0.2 | 1.71 | 19.05 | 20.76 | OK | |
r-release-macos-arm64 | 0.2 | 19.00 | OK | |||
r-release-macos-x86_64 | 0.2 | 23.00 | OK | |||
r-release-windows-x86_64 | 0.2 | 3.00 | 42.00 | 45.00 | OK | |
r-oldrel-macos-arm64 | 0.2 | 14.00 | OK | |||
r-oldrel-macos-x86_64 | 0.2 | 20.00 | OK | |||
r-oldrel-windows-x86_64 | 0.2 | 3.00 | 46.00 | 49.00 | OK |
Version: 0.2
Check: CRAN incoming feasibility
Result: NOTE
Maintainer: ‘Kosei Abe <mail@recyclebin.jp>’
No Authors@R field in DESCRIPTION.
Please add one, modifying
Authors@R: c(person(given = "Kosei",
family = "Abe",
role = c("aut", "cre"),
email = "mail@recyclebin.jp"),
person(given = "Richard",
family = "Cotton",
role = "ctb"))
as necessary.
Flavors: r-devel-linux-x86_64-debian-clang, r-devel-linux-x86_64-debian-gcc
Version: 0.2
Check: HTML version of manual
Result: NOTE
Found the following HTML validation problems:
getNames.html:50:1 (getNames.Rd:12): Warning: missing </ul> before </div>
isVariableName.html:46:1 (isVariableName.Rd:10): Warning: missing </ul> before </div>
Flavor: r-devel-linux-x86_64-debian-gcc