Last updated on 2025-10-21 09:48:30 CEST.
Flavor | Version | Tinstall | Tcheck | Ttotal | Status | Flags |
---|---|---|---|---|---|---|
r-devel-linux-x86_64-debian-clang | 1.7.1 | 6.09 | 42.34 | 48.43 | OK | |
r-devel-linux-x86_64-debian-gcc | 1.7.1 | 4.17 | 30.91 | 35.08 | NOTE | |
r-devel-linux-x86_64-fedora-clang | 1.7.1 | 69.52 | OK | |||
r-devel-linux-x86_64-fedora-gcc | 1.7.1 | 67.01 | OK | |||
r-devel-windows-x86_64 | 1.7.1 | 7.00 | 68.00 | 75.00 | OK | |
r-patched-linux-x86_64 | 1.7.1 | 5.36 | 39.82 | 45.18 | OK | |
r-release-linux-x86_64 | 1.7.1 | 4.62 | 40.29 | 44.91 | OK | |
r-release-macos-arm64 | 1.7.1 | 31.00 | OK | |||
r-release-macos-x86_64 | 1.7.1 | 66.00 | OK | |||
r-release-windows-x86_64 | 1.7.1 | 8.00 | 70.00 | 78.00 | OK | |
r-oldrel-macos-arm64 | 1.7.1 | 25.00 | OK | |||
r-oldrel-macos-x86_64 | 1.7.1 | 40.00 | OK | |||
r-oldrel-windows-x86_64 | 1.7.1 | 10.00 | 89.00 | 99.00 | OK |
Version: 1.7.1
Check: HTML version of manual
Result: NOTE
Found the following HTML validation problems:
DSLoginBuilder.html:217:1 (DSLoginBuilder.Rd:125): Warning: missing </ul> before </div>
DSLoginBuilder.html:113:1 (DSLoginBuilder.Rd:55): Warning: <h5> anchor "Usage" already defined
DSLoginBuilder.html:130:1 (DSLoginBuilder.Rd:70): Warning: <h5> anchor "Arguments" already defined
DSLoginBuilder.html:171:1 (DSLoginBuilder.Rd:101): Warning: <h5> anchor "Usage" already defined
DSLoginBuilder.html:177:1 (DSLoginBuilder.Rd:105): Warning: <h5> anchor "Returns" already defined
DSLoginBuilder.html:194:1 (DSLoginBuilder.Rd:114): Warning: <h5> anchor "Usage" already defined
DSLoginBuilder.html:200:1 (DSLoginBuilder.Rd:118): Warning: <h5> anchor "Arguments" already defined
datashield.logout.html:50:1 (datashield.logout.Rd:12): Warning: missing </ul> before </div>
datashield.pkg_check.html:64:1 (datashield.pkg_check.Rd:22): Warning: missing </ul> before </div>
datashield.rm.html:50:1 (datashield.rm.Rd:12): Warning: missing </ul> before </div>
datashield.symbols.html:46:1 (datashield.symbols.Rd:10): Warning: missing </ul> before </div>
datashield.workspace_restore.html:52:1 (datashield.workspace_restore.Rd:12): Warning: missing </ul> before </div>
datashield.workspace_rm.html:50:1 (datashield.workspace_rm.Rd:12): Warning: missing </ul> before </div>
datashield.workspace_save.html:51:1 (datashield.workspace_save.Rd:12): Warning: missing </ul> before </div>
datashield.workspaces.html:46:1 (datashield.workspaces.Rd:10): Warning: missing </ul> before </div>
Flavor: r-devel-linux-x86_64-debian-gcc