Last updated on 2025-10-21 09:48:30 CEST.
Flavor | Version | Tinstall | Tcheck | Ttotal | Status | Flags |
---|---|---|---|---|---|---|
r-devel-linux-x86_64-debian-clang | 0.2.2 | 31.59 | 52.49 | 84.08 | OK | |
r-devel-linux-x86_64-debian-gcc | 0.2.2 | 18.95 | 36.66 | 55.61 | NOTE | |
r-devel-linux-x86_64-fedora-clang | 0.2.2 | 131.31 | NOTE | |||
r-devel-linux-x86_64-fedora-gcc | 0.2.2 | 124.98 | NOTE | |||
r-devel-windows-x86_64 | 0.2.2 | 32.00 | 71.00 | 103.00 | OK | |
r-patched-linux-x86_64 | 0.2.2 | 30.89 | 49.25 | 80.14 | OK | |
r-release-linux-x86_64 | 0.2.2 | 27.98 | 48.89 | 76.87 | OK | |
r-release-macos-arm64 | 0.2.2 | 39.00 | OK | |||
r-release-macos-x86_64 | 0.2.2 | 66.00 | OK | |||
r-release-windows-x86_64 | 0.2.2 | 32.00 | 74.00 | 106.00 | OK | |
r-oldrel-macos-arm64 | 0.2.2 | 35.00 | OK | |||
r-oldrel-macos-x86_64 | 0.2.2 | 63.00 | OK | |||
r-oldrel-windows-x86_64 | 0.2.2 | 44.00 | 91.00 | 135.00 | OK |
Version: 0.2.2
Check: HTML version of manual
Result: NOTE
Found the following HTML validation problems:
EmpiricalRiskMinimizationDP.CMS.html:300:1 (EmpiricalRiskMinimizationDP.CMS.Rd:292): Warning: <h5> anchor "Usage" already defined
EmpiricalRiskMinimizationDP.CMS.html:312:1 (EmpiricalRiskMinimizationDP.CMS.Rd:302): Warning: <h5> anchor "Arguments" already defined
EmpiricalRiskMinimizationDP.CMS.html:353:1 (EmpiricalRiskMinimizationDP.CMS.Rd:333): Warning: <h5> anchor "Usage" already defined
EmpiricalRiskMinimizationDP.CMS.html:359:1 (EmpiricalRiskMinimizationDP.CMS.Rd:337): Warning: <h5> anchor "Arguments" already defined
EmpiricalRiskMinimizationDP.CMS.html:377:1 (EmpiricalRiskMinimizationDP.CMS.Rd:349): Warning: <h5> anchor "Returns" already defined
EmpiricalRiskMinimizationDP.CMS.html:394:1 (EmpiricalRiskMinimizationDP.CMS.Rd:358): Warning: <h5> anchor "Usage" already defined
EmpiricalRiskMinimizationDP.CMS.html:400:1 (EmpiricalRiskMinimizationDP.CMS.Rd:362): Warning: <h5> anchor "Arguments" already defined
EmpiricalRiskMinimizationDP.KST.html:286:1 (EmpiricalRiskMinimizationDP.KST.Rd:272): Warning: <h5> anchor "Usage" already defined
EmpiricalRiskMinimizationDP.KST.html:298:1 (EmpiricalRiskMinimizationDP.KST.Rd:282): Warning: <h5> anchor "Arguments" already defined
EmpiricalRiskMinimizationDP.KST.html:342:1 (EmpiricalRiskMinimizationDP.KST.Rd:316): Warning: <h5> anchor "Usage" already defined
EmpiricalRiskMinimizationDP.KST.html:348:1 (EmpiricalRiskMinimizationDP.KST.Rd:320): Warning: <h5> anchor "Arguments" already defined
EmpiricalRiskMinimizationDP.KST.html:366:1 (EmpiricalRiskMinimizationDP.KST.Rd:332): Warning: <h5> anchor "Returns" already defined
EmpiricalRiskMinimizationDP.KST.html:383:1 (EmpiricalRiskMinimizationDP.KST.Rd:341): Warning: <h5> anchor "Usage" already defined
EmpiricalRiskMinimizationDP.KST.html:389:1 (EmpiricalRiskMinimizationDP.KST.Rd:345): Warning: <h5> anchor "Arguments" already defined
LinearRegressionDP.html:168:1 (LinearRegressionDP.Rd:145): Warning: <h5> anchor "Usage" already defined
LinearRegressionDP.html:174:1 (LinearRegressionDP.Rd:149): Warning: <h5> anchor "Arguments" already defined
LinearRegressionDP.html:218:1 (LinearRegressionDP.Rd:183): Warning: <h5> anchor "Usage" already defined
LinearRegressionDP.html:224:1 (LinearRegressionDP.Rd:187): Warning: <h5> anchor "Arguments" already defined
LogisticRegressionDP.html:176:1 (LogisticRegressionDP.Rd:160): Warning: <h5> anchor "Usage" already defined
LogisticRegressionDP.html:182:1 (LogisticRegressionDP.Rd:164): Warning: <h5> anchor "Arguments" already defined
LogisticRegressionDP.html:223:1 (LogisticRegressionDP.Rd:195): Warning: <h5> anchor "Usage" already defined
LogisticRegressionDP.html:229:1 (LogisticRegressionDP.Rd:199): Warning: <h5> anchor "Arguments" already defined
LogisticRegressionDP.html:252:1 (LogisticRegressionDP.Rd:216): Warning: <h5> anchor "Returns" already defined
LogisticRegressionDP.html:270:1 (LogisticRegressionDP.Rd:226): Warning: <h5> anchor "Usage" already defined
LogisticRegressionDP.html:276:1 (LogisticRegressionDP.Rd:230): Warning: <h5> anchor "Arguments" already defined
WeightedERMDP.CMS.html:235:1 (WeightedERMDP.CMS.Rd:236): Warning: <h5> anchor "Usage" already defined
WeightedERMDP.CMS.html:249:1 (WeightedERMDP.CMS.Rd:248): Warning: <h5> anchor "Arguments" already defined
WeightedERMDP.CMS.html:296:1 (WeightedERMDP.CMS.Rd:285): Warning: <h5> anchor "Usage" already defined
WeightedERMDP.CMS.html:302:1 (WeightedERMDP.CMS.Rd:289): Warning: <h5> anchor "Arguments" already defined
WeightedERMDP.CMS.html:320:1 (WeightedERMDP.CMS.Rd:301): Warning: <h5> anchor "Returns" already defined
WeightedERMDP.CMS.html:337:1 (WeightedERMDP.CMS.Rd:310): Warning: <h5> anchor "Usage" already defined
WeightedERMDP.CMS.html:343:1 (WeightedERMDP.CMS.Rd:314): Warning: <h5> anchor "Arguments" already defined
svmDP.html:219:1 (svmDP.Rd:211): Warning: <h5> anchor "Usage" already defined
svmDP.html:233:1 (svmDP.Rd:223): Warning: <h5> anchor "Arguments" already defined
svmDP.html:283:1 (svmDP.Rd:263): Warning: <h5> anchor "Usage" already defined
svmDP.html:289:1 (svmDP.Rd:267): Warning: <h5> anchor "Arguments" already defined
svmDP.html:302:1 (svmDP.Rd:274): Warning: <h5> anchor "Returns" already defined
svmDP.html:322:1 (svmDP.Rd:286): Warning: <h5> anchor "Usage" already defined
svmDP.html:328:1 (svmDP.Rd:290): Warning: <h5> anchor "Arguments" already defined
svmDP.html:351:1 (svmDP.Rd:307): Warning: <h5> anchor "Returns" already defined
svmDP.html:369:1 (svmDP.Rd:317): Warning: <h5> anchor "Usage" already defined
svmDP.html:375:1 (svmDP.Rd:321): Warning: <h5> anchor "Arguments" already defined
Flavor: r-devel-linux-x86_64-debian-gcc
Version: 0.2.2
Check: dependencies in R code
Result: NOTE
Namespaces in Imports field not imported from:
‘R6’ ‘dplyr’ ‘ggplot2’ ‘nloptr’
All declared Imports should be used.
Flavors: r-devel-linux-x86_64-fedora-clang, r-devel-linux-x86_64-fedora-gcc