Last updated on 2025-10-21 09:48:29 CEST.
Flavor | Version | Tinstall | Tcheck | Ttotal | Status | Flags |
---|---|---|---|---|---|---|
r-devel-linux-x86_64-debian-clang | 6.0.6 | 88.56 | 116.48 | 205.04 | NOTE | |
r-devel-linux-x86_64-debian-gcc | 6.0.6 | 78.01 | 76.06 | 154.07 | NOTE | |
r-devel-linux-x86_64-fedora-clang | 6.0.6 | 317.12 | NOTE | |||
r-devel-linux-x86_64-fedora-gcc | 6.0.6 | 365.88 | NOTE | |||
r-devel-windows-x86_64 | 6.0.6 | 99.00 | 171.00 | 270.00 | NOTE | --no-vignettes |
r-patched-linux-x86_64 | 6.0.6 | 102.24 | 103.47 | 205.71 | NOTE | |
r-release-linux-x86_64 | 6.0.6 | 105.29 | 103.47 | 208.76 | NOTE | |
r-release-macos-arm64 | 6.0.6 | 81.00 | NOTE | |||
r-release-macos-x86_64 | 6.0.6 | 156.00 | NOTE | |||
r-release-windows-x86_64 | 6.0.6 | 103.00 | 183.00 | 286.00 | NOTE | --no-vignettes |
r-oldrel-macos-arm64 | 6.0.6 | 75.00 | NOTE | |||
r-oldrel-macos-x86_64 | 6.0.6 | 138.00 | NOTE | |||
r-oldrel-windows-x86_64 | 6.0.6 | 122.00 | 184.00 | 306.00 | NOTE | --no-vignettes |
Version: 6.0.6
Check: package subdirectories
Result: NOTE
Problems with news in ‘NEWS.md’:
Cannot extract version info from the following section titles:
Changes to previous versions
Minor changes
Fixes
Previous Versions
Flavors: r-devel-linux-x86_64-debian-clang, r-devel-linux-x86_64-debian-gcc, r-devel-linux-x86_64-fedora-clang, r-devel-linux-x86_64-fedora-gcc, r-patched-linux-x86_64, r-release-linux-x86_64, r-release-macos-arm64, r-release-macos-x86_64, r-oldrel-macos-arm64, r-oldrel-macos-x86_64
Version: 6.0.6
Check: HTML version of manual
Result: NOTE
Found the following HTML validation problems:
DBSRA_.html:63:1 (DBSRA_.Rd:19): Warning: missing </ul> before </div>
DBSRAopt.html:78:1 (DBSRAopt.Rd:26): Warning: missing </ul> before </div>
DD_.html:59:1 (DD_.Rd:17): Warning: missing </ul> before </div>
DD_R.html:98:1 (DD_R.Rd:42): Warning: missing </ul> before </div>
Fdem_.html:58:1 (Fdem_.Rd:16): Warning: missing </ul> before </div>
Fratio_.html:58:1 (Fratio_.Rd:16): Warning: missing </ul> before </div>
Islope_.html:67:1 (Islope_.Rd:21): Warning: missing </ul> before </div>
LBSPR_.html:66:1 (LBSPR_.Rd:20): Warning: missing </ul> before </div>
getr.html:78:1 (getr.Rd:26): Warning: missing </ul> before </div>
iVB.html:58:1 (iVB.Rd:16): Warning: missing </ul> before </div>
Flavor: r-devel-linux-x86_64-debian-gcc
Version: 6.0.6
Flags: --no-vignettes
Check: package subdirectories
Result: NOTE
Problems with news in 'NEWS.md':
Cannot extract version info from the following section titles:
Changes to previous versions
Minor changes
Fixes
Previous Versions
Flavors: r-devel-windows-x86_64, r-release-windows-x86_64, r-oldrel-windows-x86_64
Version: 6.0.6
Check: installed package size
Result: NOTE
installed size is 47.9Mb
sub-directories of 1Mb or more:
libs 47.2Mb
Flavors: r-oldrel-macos-arm64, r-oldrel-macos-x86_64
Version: 6.0.6
Flags: --no-vignettes
Check: installed package size
Result: NOTE
installed size is 14.2Mb
sub-directories of 1Mb or more:
libs 13.5Mb
Flavor: r-oldrel-windows-x86_64