Last updated on 2025-10-21 09:48:29 CEST.
Flavor | Version | Tinstall | Tcheck | Ttotal | Status | Flags |
---|---|---|---|---|---|---|
r-devel-linux-x86_64-debian-clang | 1.0.13 | 30.18 | 119.57 | 149.75 | OK | |
r-devel-linux-x86_64-debian-gcc | 1.0.13 | 16.25 | 82.72 | 98.97 | NOTE | |
r-devel-linux-x86_64-fedora-clang | 1.0.13 | 252.21 | OK | |||
r-devel-linux-x86_64-fedora-gcc | 1.0.13 | 251.14 | NOTE | |||
r-devel-windows-x86_64 | 1.0.13 | 34.00 | 137.00 | 171.00 | OK | |
r-patched-linux-x86_64 | 1.0.13 | 29.56 | 109.99 | 139.55 | OK | |
r-release-linux-x86_64 | 1.0.13 | 28.07 | 109.66 | 137.73 | OK | |
r-release-macos-arm64 | 1.0.13 | 64.00 | OK | |||
r-release-macos-x86_64 | 1.0.13 | 148.00 | OK | |||
r-release-windows-x86_64 | 1.0.13 | 37.00 | 138.00 | 175.00 | OK | |
r-oldrel-macos-arm64 | 1.0.13 | 67.00 | OK | |||
r-oldrel-macos-x86_64 | 1.0.13 | 121.00 | OK | |||
r-oldrel-windows-x86_64 | 1.0.13 | 45.00 | 176.00 | 221.00 | OK |
Version: 1.0.13
Check: HTML version of manual
Result: NOTE
Found the following HTML validation problems:
as_igraph.html:50:1 (as_igraph.Rd:12): Warning: missing </ul> before </div>
as_lineage_tree.html:58:1 (as_lineage_tree.Rd:16): Warning: missing </ul> before </div>
as_phylo.html:50:1 (as_phylo.Rd:12): Warning: missing </ul> before </div>
dist_replacement.html:58:1 (dist_replacement.Rd:16): Warning: missing </ul> before </div>
dist_weighted_hamming.html:54:1 (dist_weighted_hamming.Rd:14): Warning: missing </ul> before </div>
downsample.html:50:1 (downsample.Rd:12): Warning: missing </ul> before </div>
get_leaves.html:50:1 (get_leaves.Rd:12): Warning: missing </ul> before </div>
process_sequence.html:50:1 (process_sequence.Rd:12): Warning: missing </ul> before </div>
prune.html:50:1 (prune.Rd:12): Warning: missing </ul> before </div>
simulate.html:54:1 (simulate.Rd:14): Warning: missing </ul> before </div>
substr_kmer.html:50:1 (substr_kmer.Rd:12): Warning: missing </ul> before </div>
subtract.html:54:1 (subtract.Rd:14): Warning: missing </ul> before </div>
subtree.html:50:1 (subtree.Rd:12): Warning: missing </ul> before </div>
summarize_kmer.html:50:1 (summarize_kmer.Rd:12): Warning: missing </ul> before </div>
Flavors: r-devel-linux-x86_64-debian-gcc, r-devel-linux-x86_64-fedora-gcc