Last updated on 2025-10-21 09:48:28 CEST.
Flavor | Version | Tinstall | Tcheck | Ttotal | Status | Flags |
---|---|---|---|---|---|---|
r-devel-linux-x86_64-debian-clang | 2.5.3 | 8.24 | 208.81 | 217.05 | OK | |
r-devel-linux-x86_64-debian-gcc | 2.5.3 | 5.94 | 151.11 | 157.05 | NOTE | |
r-devel-linux-x86_64-fedora-clang | 2.5.3 | 347.42 | OK | |||
r-devel-linux-x86_64-fedora-gcc | 2.5.3 | 307.40 | OK | |||
r-devel-windows-x86_64 | 2.5.3 | 18.00 | 197.00 | 215.00 | OK | |
r-patched-linux-x86_64 | 2.5.2 | 8.65 | 205.02 | 213.67 | OK | |
r-release-linux-x86_64 | 2.5.3 | 8.61 | 203.17 | 211.78 | OK | |
r-release-macos-arm64 | 2.5.3 | 96.00 | OK | |||
r-release-macos-x86_64 | 2.5.3 | 162.00 | OK | |||
r-release-windows-x86_64 | 2.5.3 | 17.00 | 212.00 | 229.00 | OK | |
r-oldrel-macos-arm64 | 2.5.3 | 101.00 | OK | |||
r-oldrel-macos-x86_64 | 2.5.3 | 152.00 | OK | |||
r-oldrel-windows-x86_64 | 2.5.3 | 22.00 | 241.00 | 263.00 | OK |
Version: 2.5.3
Check: HTML version of manual
Result: NOTE
Found the following HTML validation problems:
install_dependencies.html:47:1 (install_dependencies.Rd:10): Warning: missing </ul> before </div>
plot.model_parts.html:88:1 (plot.model_parts.Rd:33): Warning: missing </ul> before </div>
plot.predict_parts.html:142:1 (plot.predict_parts.Rd:55): Warning: missing </ul> before </div>
plot.predict_profile.html:98:1 (plot.predict_profile.Rd:37): Warning: missing </ul> before </div>
print.description.html:51:1 (print.description.Rd:12): Warning: missing </ul> before </div>
print.model_diagnostics.html:51:1 (print.model_diagnostics.Rd:12): Warning: missing </ul> before </div>
print.model_info.html:51:1 (print.model_info.Rd:12): Warning: missing </ul> before </div>
print.model_profile.html:51:1 (print.model_profile.Rd:12): Warning: missing </ul> before </div>
print.predict_diagnostics.html:51:1 (print.predict_diagnostics.Rd:12): Warning: missing </ul> before </div>
Flavor: r-devel-linux-x86_64-debian-gcc