Last updated on 2025-10-21 09:48:28 CEST.
Flavor | Version | Tinstall | Tcheck | Ttotal | Status | Flags |
---|---|---|---|---|---|---|
r-devel-linux-x86_64-debian-clang | 0.1.1 | 1.80 | 21.50 | 23.30 | OK | |
r-devel-linux-x86_64-debian-gcc | 0.1.1 | 1.69 | 17.16 | 18.85 | NOTE | |
r-devel-linux-x86_64-fedora-clang | 0.1.1 | 33.88 | OK | |||
r-devel-linux-x86_64-fedora-gcc | 0.1.1 | 33.65 | OK | |||
r-devel-windows-x86_64 | 0.1.1 | 4.00 | 39.00 | 43.00 | OK | |
r-patched-linux-x86_64 | 0.1.1 | 2.13 | 20.00 | 22.13 | OK | |
r-release-linux-x86_64 | 0.1.1 | 1.84 | 19.94 | 21.78 | OK | |
r-release-macos-arm64 | 0.1.1 | 16.00 | OK | |||
r-release-macos-x86_64 | 0.1.1 | 25.00 | OK | |||
r-release-windows-x86_64 | 0.1.1 | 5.00 | 40.00 | 45.00 | OK | |
r-oldrel-macos-arm64 | 0.1.1 | 15.00 | OK | |||
r-oldrel-macos-x86_64 | 0.1.1 | 22.00 | OK | |||
r-oldrel-windows-x86_64 | 0.1.1 | 5.00 | 42.00 | 47.00 | OK |
Version: 0.1.1
Check: HTML version of manual
Result: NOTE
Found the following HTML validation problems:
CustomDerivative.html:101:1 (CustomDerivative.Rd:81): Warning: <h3> anchor "Methods" already defined
CustomDerivative.html:189:1 (CustomDerivative.Rd:132): Warning: <h5> anchor "Usage" already defined
CustomDerivative.html:211:1 (CustomDerivative.Rd:145): Warning: <h5> anchor "Usage" already defined
CustomDerivative.html:217:1 (CustomDerivative.Rd:149): Warning: <h5> anchor "Returns" already defined
CustomDerivative.html:233:1 (CustomDerivative.Rd:158): Warning: <h5> anchor "Usage" already defined
CustomDerivative.html:239:1 (CustomDerivative.Rd:162): Warning: <h5> anchor "Returns" already defined
CustomDerivative.html:255:1 (CustomDerivative.Rd:171): Warning: <h5> anchor "Usage" already defined
CustomDerivative.html:261:1 (CustomDerivative.Rd:175): Warning: <h5> anchor "Returns" already defined
CustomDerivative.html:277:1 (CustomDerivative.Rd:184): Warning: <h5> anchor "Usage" already defined
CustomDerivative.html:283:1 (CustomDerivative.Rd:188): Warning: <h5> anchor "Returns" already defined
CustomDerivative.html:299:1 (CustomDerivative.Rd:197): Warning: <h5> anchor "Usage" already defined
CustomDerivative.html:305:1 (CustomDerivative.Rd:201): Warning: <h5> anchor "Returns" already defined
CustomDerivative.html:322:1 (CustomDerivative.Rd:210): Warning: <h5> anchor "Usage" already defined
CustomDerivative.html:328:1 (CustomDerivative.Rd:214): Warning: <h5> anchor "Arguments" already defined
Flavor: r-devel-linux-x86_64-debian-gcc