Last updated on 2025-10-21 09:48:28 CEST.
Flavor | Version | Tinstall | Tcheck | Ttotal | Status | Flags |
---|---|---|---|---|---|---|
r-devel-linux-x86_64-debian-clang | 1.2.4 | 39.06 | 236.23 | 275.29 | OK | |
r-devel-linux-x86_64-debian-gcc | 1.2.4 | 29.14 | 157.02 | 186.16 | NOTE | |
r-devel-linux-x86_64-fedora-clang | 1.2.4 | 430.18 | OK | |||
r-devel-linux-x86_64-fedora-gcc | 1.2.4 | 408.45 | OK | |||
r-devel-windows-x86_64 | 1.2.4 | 40.00 | 239.00 | 279.00 | OK | |
r-patched-linux-x86_64 | 1.2.4 | 43.24 | 219.46 | 262.70 | OK | |
r-release-linux-x86_64 | 1.2.4 | 40.94 | 221.75 | 262.69 | OK | |
r-release-macos-arm64 | 1.2.4 | 94.00 | OK | |||
r-release-macos-x86_64 | 1.2.4 | 239.00 | OK | |||
r-release-windows-x86_64 | 1.2.4 | 41.00 | 234.00 | 275.00 | OK | |
r-oldrel-macos-arm64 | 1.2.4 | 235.00 | OK | |||
r-oldrel-macos-x86_64 | 1.2.4 | 296.00 | OK | |||
r-oldrel-windows-x86_64 | 1.2.4 | 60.00 | 305.00 | 365.00 | OK |
Version: 1.2.4
Check: HTML version of manual
Result: NOTE
Found the following HTML validation problems:
AIC.CopulaCenR.html:55:1 (AIC.CopulaCenR.Rd:14): Warning: missing </ul> before </div>
BIC.CopulaCenR.html:51:1 (BIC.CopulaCenR.Rd:12): Warning: missing </ul> before </div>
coef.CopulaCenR.html:51:1 (coef.CopulaCenR.Rd:12): Warning: missing </ul> before </div>
logLik.CopulaCenR.html:51:1 (logLik.CopulaCenR.Rd:12): Warning: missing </ul> before </div>
print.CopulaCenR.html:51:1 (print.CopulaCenR.Rd:12): Warning: missing </ul> before </div>
print.summary.CopulaCenR.html:51:1 (print.summary.CopulaCenR.Rd:12): Warning: missing </ul> before </div>
summary.CopulaCenR.html:51:1 (summary.CopulaCenR.Rd:12): Warning: missing </ul> before </div>
Flavor: r-devel-linux-x86_64-debian-gcc