Last updated on 2025-10-21 09:48:28 CEST.
Flavor | Version | Tinstall | Tcheck | Ttotal | Status | Flags |
---|---|---|---|---|---|---|
r-devel-linux-x86_64-debian-clang | 2.2.5 | 2.58 | 49.13 | 51.71 | OK | |
r-devel-linux-x86_64-debian-gcc | 2.2.5 | 1.99 | 34.70 | 36.69 | NOTE | |
r-devel-linux-x86_64-fedora-clang | 2.2.5 | 74.54 | OK | |||
r-devel-linux-x86_64-fedora-gcc | 2.2.5 | 70.81 | OK | |||
r-devel-windows-x86_64 | 2.2.5 | 4.00 | 68.00 | 72.00 | OK | |
r-patched-linux-x86_64 | 2.2.5 | 3.03 | 44.69 | 47.72 | OK | |
r-release-linux-x86_64 | 2.2.5 | 2.67 | 44.68 | 47.35 | OK | |
r-release-macos-arm64 | 2.2.5 | 24.00 | OK | |||
r-release-macos-x86_64 | 2.2.5 | 44.00 | OK | |||
r-release-windows-x86_64 | 2.2.5 | 4.00 | 68.00 | 72.00 | OK | |
r-oldrel-macos-arm64 | 2.2.5 | 28.00 | OK | |||
r-oldrel-macos-x86_64 | 2.2.5 | 35.00 | OK | |||
r-oldrel-windows-x86_64 | 2.2.5 | 5.00 | 76.00 | 81.00 | OK |
Version: 2.2.5
Check: HTML version of manual
Result: NOTE
Found the following HTML validation problems:
axis_marks.html:46:1 (axis_marks.Rd:10): Warning: missing </ul> before </div>
print.convergence.clubs.html:51:1 (print.convergence.clubs.Rd:12): Warning: missing </ul> before </div>
print_table.html:50:1 (print_table.Rd:12): Warning: missing </ul> before </div>
summary.convergence.clubs.html:51:1 (summary.convergence.clubs.Rd:12): Warning: missing </ul> before </div>
Flavor: r-devel-linux-x86_64-debian-gcc