Last updated on 2025-10-21 09:48:27 CEST.
Flavor | Version | Tinstall | Tcheck | Ttotal | Status | Flags |
---|---|---|---|---|---|---|
r-devel-linux-x86_64-debian-clang | 1.4.3 | 164.43 | 202.14 | 366.57 | OK | |
r-devel-linux-x86_64-debian-gcc | 1.4.3 | 145.63 | 155.41 | 301.04 | NOTE | |
r-devel-linux-x86_64-fedora-clang | 1.4.3 | 617.05 | OK | |||
r-devel-linux-x86_64-fedora-gcc | 1.4.3 | 687.30 | OK | |||
r-devel-windows-x86_64 | 1.4.3 | 192.00 | 222.00 | 414.00 | OK | |
r-patched-linux-x86_64 | 1.4.3 | 189.76 | 208.56 | 398.32 | OK | |
r-release-linux-x86_64 | 1.4.3 | 195.22 | 209.48 | 404.70 | OK | |
r-release-macos-arm64 | 1.4.3 | 137.00 | OK | |||
r-release-macos-x86_64 | 1.4.3 | 265.00 | OK | |||
r-release-windows-x86_64 | 1.4.3 | 187.00 | 222.00 | 409.00 | OK | |
r-oldrel-macos-arm64 | 1.4.3 | 131.00 | NOTE | |||
r-oldrel-macos-x86_64 | 1.4.3 | 260.00 | NOTE | |||
r-oldrel-windows-x86_64 | 1.4.3 | 219.00 | 287.00 | 506.00 | NOTE |
Version: 1.4.3
Check: HTML version of manual
Result: NOTE
Found the following HTML validation problems:
make_par_values_stops.html:127:1 (make_par_values_stops.Rd:65): Warning: missing </ul> before </div>
print.model_query.html:51:1 (print.model_query.Rd:12): Warning: missing </ul> before </div>
Flavor: r-devel-linux-x86_64-debian-gcc
Version: 1.4.3
Check: installed package size
Result: NOTE
installed size is 54.4Mb
sub-directories of 1Mb or more:
libs 53.3Mb
Flavors: r-oldrel-macos-arm64, r-oldrel-macos-x86_64
Version: 1.4.3
Check: for GNU extensions in Makefiles
Result: NOTE
GNU make is a SystemRequirements.
Flavors: r-oldrel-macos-arm64, r-oldrel-macos-x86_64, r-oldrel-windows-x86_64