Last updated on 2025-10-21 09:48:27 CEST.
Flavor | Version | Tinstall | Tcheck | Ttotal | Status | Flags |
---|---|---|---|---|---|---|
r-devel-linux-x86_64-debian-clang | 2.1.4 | 24.61 | 164.45 | 189.06 | NOTE | |
r-devel-linux-x86_64-debian-gcc | 2.1.4 | 15.19 | 109.07 | 124.26 | NOTE | |
r-devel-linux-x86_64-fedora-clang | 2.1.4 | 284.27 | OK | |||
r-devel-linux-x86_64-fedora-gcc | 2.1.4 | 286.49 | OK | |||
r-devel-windows-x86_64 | 2.1.4 | 24.00 | 200.00 | 224.00 | OK | |
r-patched-linux-x86_64 | 2.1.4 | 26.64 | 154.81 | 181.45 | OK | |
r-release-linux-x86_64 | 2.1.4 | 21.31 | 153.54 | 174.85 | OK | |
r-release-macos-arm64 | 2.1.4 | 87.00 | OK | |||
r-release-macos-x86_64 | 2.1.4 | 148.00 | OK | |||
r-release-windows-x86_64 | 2.1.4 | 27.00 | 200.00 | 227.00 | OK | |
r-oldrel-macos-arm64 | 2.1.4 | 68.00 | OK | |||
r-oldrel-macos-x86_64 | 2.1.4 | 110.00 | OK | |||
r-oldrel-windows-x86_64 | 2.1.4 | 36.00 | 250.00 | 286.00 | OK |
Version: 2.1.4
Check: CRAN incoming feasibility
Result: NOTE
Maintainer: ‘Mohsin Vindhani <mohsin@utiligize.com>’
Package CITATION file contains call(s) to old-style personList() or
as.personList(). Please use c() on person objects instead.
Package CITATION file contains call(s) to old-style citEntry(). Please
use bibentry() instead.
Flavors: r-devel-linux-x86_64-debian-clang, r-devel-linux-x86_64-debian-gcc
Version: 2.1.4
Check: HTML version of manual
Result: NOTE
Found the following HTML validation problems:
risk_matrix_points_plot.html:55:1 (risk_matrix_points_plot.Rd:14): Warning: missing </ul> before </div>
risk_matrix_structure.html:55:1 (risk_matrix_structure.Rd:14): Warning: missing </ul> before </div>
risk_matrix_summary_plot.html:59:1 (risk_matrix_summary_plot.Rd:18): Warning: missing </ul> before </div>
Flavor: r-devel-linux-x86_64-debian-gcc