CRAN Package Check Results for Package CFtime

Last updated on 2025-10-21 09:48:27 CEST.

Flavor Version Tinstall Tcheck Ttotal Status Flags
r-devel-linux-x86_64-debian-clang 1.7.1 12.94 55.35 68.29 OK
r-devel-linux-x86_64-debian-gcc 1.7.1 9.76 40.73 50.49 NOTE
r-devel-linux-x86_64-fedora-clang 1.7.1 100.46 OK
r-devel-linux-x86_64-fedora-gcc 1.7.1 98.54 OK
r-devel-windows-x86_64 1.7.1 12.00 73.00 85.00 OK
r-patched-linux-x86_64 1.7.1 12.66 51.86 64.52 OK
r-release-linux-x86_64 1.7.1 12.56 51.60 64.16 OK
r-release-macos-arm64 1.7.1 26.00 OK
r-release-macos-x86_64 1.7.1 80.00 OK
r-release-windows-x86_64 1.7.1 17.00 94.00 111.00 OK
r-oldrel-macos-arm64 1.7.1 33.00 OK
r-oldrel-macos-x86_64 1.7.1 90.00 OK
r-oldrel-windows-x86_64 1.7.1 16.00 97.00 113.00 OK

Check Details

Version: 1.7.1
Check: HTML version of manual
Result: NOTE Found the following HTML validation problems: CFCalendar.html:185:1 (CFCalendar.Rd:102): Warning: <h5> anchor "Usage" already defined CFCalendar.html:191:1 (CFCalendar.Rd:106): Warning: <h5> anchor "Arguments" already defined CFCalendar.html:221:1 (CFCalendar.Rd:122): Warning: <h5> anchor "Usage" already defined CFCalendar.html:227:1 (CFCalendar.Rd:126): Warning: <h5> anchor "Arguments" already defined CFCalendar.html:241:1 (CFCalendar.Rd:134): Warning: <h5> anchor "Returns" already defined CFCalendar.html:259:1 (CFCalendar.Rd:144): Warning: <h5> anchor "Usage" already defined CFCalendar.html:265:1 (CFCalendar.Rd:148): Warning: <h5> anchor "Arguments" already defined CFCalendar.html:279:1 (CFCalendar.Rd:156): Warning: <h5> anchor "Returns" already defined CFCalendar.html:304:1 (CFCalendar.Rd:173): Warning: <h5> anchor "Usage" already defined CFCalendar.html:310:1 (CFCalendar.Rd:177): Warning: <h5> anchor "Arguments" already defined CFCalendar.html:323:1 (CFCalendar.Rd:184): Warning: <h5> anchor "Returns" already defined CFCalendar.html:344:1 (CFCalendar.Rd:197): Warning: <h5> anchor "Usage" already defined CFCalendar.html:350:1 (CFCalendar.Rd:201): Warning: <h5> anchor "Arguments" already defined CFCalendar.html:363:1 (CFCalendar.Rd:208): Warning: <h5> anchor "Returns" already defined CFCalendar.html:389:1 (CFCalendar.Rd:226): Warning: <h5> anchor "Usage" already defined CFCalendar.html:395:1 (CFCalendar.Rd:230): Warning: <h5> anchor "Arguments" already defined CFCalendar.html:408:1 (CFCalendar.Rd:237): Warning: <h5> anchor "Returns" already defined CFCalendar.html:426:1 (CFCalendar.Rd:247): Warning: <h5> anchor "Usage" already defined CFCalendar.html:432:1 (CFCalendar.Rd:251): Warning: <h5> anchor "Arguments" already defined CFCalendar.html:445:1 (CFCalendar.Rd:258): Warning: <h5> anchor "Returns" already defined CFCalendar.html:468:1 (CFCalendar.Rd:273): Warning: <h5> anchor "Usage" already defined CFCalendar.html:474:1 (CFCalendar.Rd:277): Warning: <h5> anchor "Arguments" already defined CFCalendar.html:488:1 (CFCalendar.Rd:285): Warning: <h5> anchor "Returns" already defined CFCalendar.html:506:1 (CFCalendar.Rd:295): Warning: <h5> anchor "Usage" already defined CFCalendar.html:512:1 (CFCalendar.Rd:299): Warning: <h5> anchor "Arguments" already defined CFCalendar360.html:350:1 (CFCalendar360.Rd:197): Warning: missing </ul> before </div> CFCalendar360.html:133:1 (CFCalendar360.Rd:72): Warning: <h5> anchor "Usage" already defined CFCalendar360.html:139:1 (CFCalendar360.Rd:76): Warning: <h5> anchor "Arguments" already defined CFCalendar360.html:153:1 (CFCalendar360.Rd:84): Warning: <h5> anchor "Returns" already defined CFCalendar360.html:172:1 (CFCalendar360.Rd:95): Warning: <h5> anchor "Usage" already defined CFCalendar360.html:178:1 (CFCalendar360.Rd:99): Warning: <h5> anchor "Arguments" already defined CFCalendar360.html:192:1 (CFCalendar360.Rd:107): Warning: <h5> anchor "Returns" already defined CFCalendar360.html:211:1 (CFCalendar360.Rd:118): Warning: <h5> anchor "Usage" already defined CFCalendar360.html:217:1 (CFCalendar360.Rd:122): Warning: <h5> anchor "Arguments" already defined CFCalendar360.html:230:1 (CFCalendar360.Rd:129): Warning: <h5> anchor "Returns" already defined CFCalendar360.html:250:1 (CFCalendar360.Rd:141): Warning: <h5> anchor "Usage" already defined CFCalendar360.html:256:1 (CFCalendar360.Rd:145): Warning: <h5> anchor "Arguments" already defined CFCalendar360.html:269:1 (CFCalendar360.Rd:152): Warning: <h5> anchor "Returns" already defined CFCalendar360.html:290:1 (CFCalendar360.Rd:165): Warning: <h5> anchor "Usage" already defined CFCalendar360.html:296:1 (CFCalendar360.Rd:169): Warning: <h5> anchor "Arguments" already defined CFCalendar360.html:309:1 (CFCalendar360.Rd:176): Warning: <h5> anchor "Returns" already defined CFCalendar360.html:327:1 (CFCalendar360.Rd:186): Warning: <h5> anchor "Usage" already defined CFCalendar360.html:333:1 (CFCalendar360.Rd:190): Warning: <h5> anchor "Arguments" already defined CFCalendar365.html:347:1 (CFCalendar365.Rd:194): Warning: missing </ul> before </div> CFCalendar365.html:131:1 (CFCalendar365.Rd:70): Warning: <h5> anchor "Usage" already defined CFCalendar365.html:137:1 (CFCalendar365.Rd:74): Warning: <h5> anchor "Arguments" already defined CFCalendar365.html:151:1 (CFCalendar365.Rd:82): Warning: <h5> anchor "Returns" already defined CFCalendar365.html:170:1 (CFCalendar365.Rd:93): Warning: <h5> anchor "Usage" already defined CFCalendar365.html:176:1 (CFCalendar365.Rd:97): Warning: <h5> anchor "Arguments" already defined CFCalendar365.html:189:1 (CFCalendar365.Rd:104): Warning: <h5> anchor "Returns" already defined CFCalendar365.html:208:1 (CFCalendar365.Rd:115): Warning: <h5> anchor "Usage" already defined CFCalendar365.html:214:1 (CFCalendar365.Rd:119): Warning: <h5> anchor "Arguments" already defined CFCalendar365.html:227:1 (CFCalendar365.Rd:126): Warning: <h5> anchor "Returns" already defined CFCalendar365.html:247:1 (CFCalendar365.Rd:138): Warning: <h5> anchor "Usage" already defined CFCalendar365.html:253:1 (CFCalendar365.Rd:142): Warning: <h5> anchor "Arguments" already defined CFCalendar365.html:266:1 (CFCalendar365.Rd:149): Warning: <h5> anchor "Returns" already defined CFCalendar365.html:287:1 (CFCalendar365.Rd:162): Warning: <h5> anchor "Usage" already defined CFCalendar365.html:293:1 (CFCalendar365.Rd:166): Warning: <h5> anchor "Arguments" already defined CFCalendar365.html:306:1 (CFCalendar365.Rd:173): Warning: <h5> anchor "Returns" already defined CFCalendar365.html:324:1 (CFCalendar365.Rd:183): Warning: <h5> anchor "Usage" already defined CFCalendar365.html:330:1 (CFCalendar365.Rd:187): Warning: <h5> anchor "Arguments" already defined CFCalendar366.html:347:1 (CFCalendar366.Rd:194): Warning: missing </ul> before </div> CFCalendar366.html:131:1 (CFCalendar366.Rd:70): Warning: <h5> anchor "Usage" already defined CFCalendar366.html:137:1 (CFCalendar366.Rd:74): Warning: <h5> anchor "Arguments" already defined CFCalendar366.html:151:1 (CFCalendar366.Rd:82): Warning: <h5> anchor "Returns" already defined CFCalendar366.html:170:1 (CFCalendar366.Rd:93): Warning: <h5> anchor "Usage" already defined CFCalendar366.html:176:1 (CFCalendar366.Rd:97): Warning: <h5> anchor "Arguments" already defined CFCalendar366.html:189:1 (CFCalendar366.Rd:104): Warning: <h5> anchor "Returns" already defined CFCalendar366.html:208:1 (CFCalendar366.Rd:115): Warning: <h5> anchor "Usage" already defined CFCalendar366.html:214:1 (CFCalendar366.Rd:119): Warning: <h5> anchor "Arguments" already defined CFCalendar366.html:227:1 (CFCalendar366.Rd:126): Warning: <h5> anchor "Returns" already defined CFCalendar366.html:247:1 (CFCalendar366.Rd:138): Warning: <h5> anchor "Usage" already defined CFCalendar366.html:253:1 (CFCalendar366.Rd:142): Warning: <h5> anchor "Arguments" already defined CFCalendar366.html:266:1 (CFCalendar366.Rd:149): Warning: <h5> anchor "Returns" already defined CFCalendar366.html:287:1 (CFCalendar366.Rd:162): Warning: <h5> anchor "Usage" already defined CFCalendar366.html:293:1 (CFCalendar366.Rd:166): Warning: <h5> anchor "Arguments" already defined CFCalendar366.html:306:1 (CFCalendar366.Rd:173): Warning: <h5> anchor "Returns" already defined CFCalendar366.html:324:1 (CFCalendar366.Rd:183): Warning: <h5> anchor "Usage" already defined CFCalendar366.html:330:1 (CFCalendar366.Rd:187): Warning: <h5> anchor "Arguments" already defined CFCalendarJulian.html:351:1 (CFCalendarJulian.Rd:198): Warning: missing </ul> before </div> CFCalendarJulian.html:135:1 (CFCalendarJulian.Rd:74): Warning: <h5> anchor "Usage" already defined CFCalendarJulian.html:141:1 (CFCalendarJulian.Rd:78): Warning: <h5> anchor "Arguments" already defined CFCalendarJulian.html:155:1 (CFCalendarJulian.Rd:86): Warning: <h5> anchor "Returns" already defined CFCalendarJulian.html:174:1 (CFCalendarJulian.Rd:97): Warning: <h5> anchor "Usage" already defined CFCalendarJulian.html:180:1 (CFCalendarJulian.Rd:101): Warning: <h5> anchor "Arguments" already defined CFCalendarJulian.html:193:1 (CFCalendarJulian.Rd:108): Warning: <h5> anchor "Returns" already defined CFCalendarJulian.html:213:1 (CFCalendarJulian.Rd:120): Warning: <h5> anchor "Usage" already defined CFCalendarJulian.html:219:1 (CFCalendarJulian.Rd:124): Warning: <h5> anchor "Arguments" already defined CFCalendarJulian.html:232:1 (CFCalendarJulian.Rd:131): Warning: <h5> anchor "Returns" already defined CFCalendarJulian.html:251:1 (CFCalendarJulian.Rd:142): Warning: <h5> anchor "Usage" already defined CFCalendarJulian.html:257:1 (CFCalendarJulian.Rd:146): Warning: <h5> anchor "Arguments" already defined CFCalendarJulian.html:270:1 (CFCalendarJulian.Rd:153): Warning: <h5> anchor "Returns" already defined CFCalendarJulian.html:291:1 (CFCalendarJulian.Rd:166): Warning: <h5> anchor "Usage" already defined CFCalendarJulian.html:297:1 (CFCalendarJulian.Rd:170): Warning: <h5> anchor "Arguments" already defined CFCalendarJulian.html:310:1 (CFCalendarJulian.Rd:177): Warning: <h5> anchor "Returns" already defined CFCalendarJulian.html:328:1 (CFCalendarJulian.Rd:187): Warning: <h5> anchor "Usage" already defined CFCalendarJulian.html:334:1 (CFCalendarJulian.Rd:191): Warning: <h5> anchor "Arguments" already defined CFCalendarNone.html:356:1 (CFCalendarNone.Rd:203): Warning: missing </ul> before </div> CFCalendarNone.html:133:1 (CFCalendarNone.Rd:72): Warning: <h5> anchor "Usage" already defined CFCalendarNone.html:139:1 (CFCalendarNone.Rd:76): Warning: <h5> anchor "Arguments" already defined CFCalendarNone.html:153:1 (CFCalendarNone.Rd:84): Warning: <h5> anchor "Returns" already defined CFCalendarNone.html:174:1 (CFCalendarNone.Rd:97): Warning: <h5> anchor "Usage" already defined CFCalendarNone.html:180:1 (CFCalendarNone.Rd:101): Warning: <h5> anchor "Arguments" already defined CFCalendarNone.html:194:1 (CFCalendarNone.Rd:109): Warning: <h5> anchor "Returns" already defined CFCalendarNone.html:214:1 (CFCalendarNone.Rd:121): Warning: <h5> anchor "Usage" already defined CFCalendarNone.html:220:1 (CFCalendarNone.Rd:125): Warning: <h5> anchor "Arguments" already defined CFCalendarNone.html:233:1 (CFCalendarNone.Rd:132): Warning: <h5> anchor "Returns" already defined CFCalendarNone.html:253:1 (CFCalendarNone.Rd:144): Warning: <h5> anchor "Usage" already defined CFCalendarNone.html:259:1 (CFCalendarNone.Rd:148): Warning: <h5> anchor "Arguments" already defined CFCalendarNone.html:272:1 (CFCalendarNone.Rd:155): Warning: <h5> anchor "Returns" already defined CFCalendarNone.html:294:1 (CFCalendarNone.Rd:169): Warning: <h5> anchor "Usage" already defined CFCalendarNone.html:300:1 (CFCalendarNone.Rd:173): Warning: <h5> anchor "Arguments" already defined CFCalendarNone.html:313:1 (CFCalendarNone.Rd:180): Warning: <h5> anchor "Returns" already defined CFCalendarNone.html:333:1 (CFCalendarNone.Rd:192): Warning: <h5> anchor "Usage" already defined CFCalendarNone.html:339:1 (CFCalendarNone.Rd:196): Warning: <h5> anchor "Arguments" already defined CFCalendarProleptic.html:392:1 (CFCalendarProleptic.Rd:221): Warning: missing </ul> before </div> CFCalendarProleptic.html:138:1 (CFCalendarProleptic.Rd:75): Warning: <h5> anchor "Usage" already defined CFCalendarProleptic.html:144:1 (CFCalendarProleptic.Rd:79): Warning: <h5> anchor "Arguments" already defined CFCalendarProleptic.html:158:1 (CFCalendarProleptic.Rd:87): Warning: <h5> anchor "Returns" already defined CFCalendarProleptic.html:177:1 (CFCalendarProleptic.Rd:98): Warning: <h5> anchor "Usage" already defined CFCalendarProleptic.html:183:1 (CFCalendarProleptic.Rd:102): Warning: <h5> anchor "Arguments" already defined CFCalendarProleptic.html:196:1 (CFCalendarProleptic.Rd:109): Warning: <h5> anchor "Returns" already defined CFCalendarProleptic.html:216:1 (CFCalendarProleptic.Rd:121): Warning: <h5> anchor "Usage" already defined CFCalendarProleptic.html:222:1 (CFCalendarProleptic.Rd:125): Warning: <h5> anchor "Arguments" already defined CFCalendarProleptic.html:235:1 (CFCalendarProleptic.Rd:132): Warning: <h5> anchor "Returns" already defined CFCalendarProleptic.html:255:1 (CFCalendarProleptic.Rd:144): Warning: <h5> anchor "Usage" already defined CFCalendarProleptic.html:261:1 (CFCalendarProleptic.Rd:148): Warning: <h5> anchor "Arguments" already defined CFCalendarProleptic.html:274:1 (CFCalendarProleptic.Rd:155): Warning: <h5> anchor "Returns" already defined CFCalendarProleptic.html:292:1 (CFCalendarProleptic.Rd:165): Warning: <h5> anchor "Usage" already defined CFCalendarProleptic.html:298:1 (CFCalendarProleptic.Rd:169): Warning: <h5> anchor "Arguments" already defined CFCalendarProleptic.html:311:1 (CFCalendarProleptic.Rd:176): Warning: <h5> anchor "Returns" already defined CFCalendarProleptic.html:332:1 (CFCalendarProleptic.Rd:189): Warning: <h5> anchor "Usage" already defined CFCalendarProleptic.html:338:1 (CFCalendarProleptic.Rd:193): Warning: <h5> anchor "Arguments" already defined CFCalendarProleptic.html:351:1 (CFCalendarProleptic.Rd:200): Warning: <h5> anchor "Returns" already defined CFCalendarProleptic.html:369:1 (CFCalendarProleptic.Rd:210): Warning: <h5> anchor "Usage" already defined CFCalendarProleptic.html:375:1 (CFCalendarProleptic.Rd:214): Warning: <h5> anchor "Arguments" already defined CFCalendarStandard.html:440:1 (CFCalendarStandard.Rd:251): Warning: missing </ul> before </div> CFCalendarStandard.html:144:1 (CFCalendarStandard.Rd:79): Warning: <h5> anchor "Usage" already defined CFCalendarStandard.html:150:1 (CFCalendarStandard.Rd:83): Warning: <h5> anchor "Arguments" already defined CFCalendarStandard.html:164:1 (CFCalendarStandard.Rd:91): Warning: <h5> anchor "Returns" already defined CFCalendarStandard.html:184:1 (CFCalendarStandard.Rd:103): Warning: <h5> anchor "Usage" already defined CFCalendarStandard.html:190:1 (CFCalendarStandard.Rd:107): Warning: <h5> anchor "Arguments" already defined CFCalendarStandard.html:204:1 (CFCalendarStandard.Rd:115): Warning: <h5> anchor "Returns" already defined CFCalendarStandard.html:227:1 (CFCalendarStandard.Rd:130): Warning: <h5> anchor "Usage" already defined CFCalendarStandard.html:233:1 (CFCalendarStandard.Rd:134): Warning: <h5> anchor "Arguments" already defined CFCalendarStandard.html:246:1 (CFCalendarStandard.Rd:141): Warning: <h5> anchor "Returns" already defined CFCalendarStandard.html:263:1 (CFCalendarStandard.Rd:150): Warning: <h5> anchor "Usage" already defined CFCalendarStandard.html:269:1 (CFCalendarStandard.Rd:154): Warning: <h5> anchor "Arguments" already defined CFCalendarStandard.html:282:1 (CFCalendarStandard.Rd:161): Warning: <h5> anchor "Returns" already defined CFCalendarStandard.html:302:1 (CFCalendarStandard.Rd:173): Warning: <h5> anchor "Usage" already defined CFCalendarStandard.html:308:1 (CFCalendarStandard.Rd:177): Warning: <h5> anchor "Arguments" already defined CFCalendarStandard.html:321:1 (CFCalendarStandard.Rd:184): Warning: <h5> anchor "Returns" already defined CFCalendarStandard.html:340:1 (CFCalendarStandard.Rd:195): Warning: <h5> anchor "Usage" already defined CFCalendarStandard.html:346:1 (CFCalendarStandard.Rd:199): Warning: <h5> anchor "Arguments" already defined CFCalendarStandard.html:359:1 (CFCalendarStandard.Rd:206): Warning: <h5> anchor "Returns" already defined CFCalendarStandard.html:380:1 (CFCalendarStandard.Rd:219): Warning: <h5> anchor "Usage" already defined CFCalendarStandard.html:386:1 (CFCalendarStandard.Rd:223): Warning: <h5> anchor "Arguments" already defined CFCalendarStandard.html:399:1 (CFCalendarStandard.Rd:230): Warning: <h5> anchor "Returns" already defined CFCalendarStandard.html:417:1 (CFCalendarStandard.Rd:240): Warning: <h5> anchor "Usage" already defined CFCalendarStandard.html:423:1 (CFCalendarStandard.Rd:244): Warning: <h5> anchor "Arguments" already defined CFCalendarTAI.html:145:1 (CFCalendarTAI.Rd:82): Warning: missing </ul> before </div> CFCalendarTAI.html:122:1 (CFCalendarTAI.Rd:71): Warning: <h5> anchor "Usage" already defined CFCalendarTAI.html:128:1 (CFCalendarTAI.Rd:75): Warning: <h5> anchor "Arguments" already defined CFCalendarUTC.html:266:1 (CFCalendarUTC.Rd:153): Warning: missing </ul> before </div> CFCalendarUTC.html:124:1 (CFCalendarUTC.Rd:71): Warning: <h5> anchor "Usage" already defined CFCalendarUTC.html:130:1 (CFCalendarUTC.Rd:75): Warning: <h5> anchor "Arguments" already defined CFCalendarUTC.html:164:1 (CFCalendarUTC.Rd:95): Warning: <h5> anchor "Usage" already defined CFCalendarUTC.html:170:1 (CFCalendarUTC.Rd:99): Warning: <h5> anchor "Arguments" already defined CFCalendarUTC.html:183:1 (CFCalendarUTC.Rd:106): Warning: <h5> anchor "Returns" already defined CFCalendarUTC.html:205:1 (CFCalendarUTC.Rd:120): Warning: <h5> anchor "Usage" already defined CFCalendarUTC.html:211:1 (CFCalendarUTC.Rd:124): Warning: <h5> anchor "Arguments" already defined CFCalendarUTC.html:225:1 (CFCalendarUTC.Rd:132): Warning: <h5> anchor "Returns" already defined CFCalendarUTC.html:243:1 (CFCalendarUTC.Rd:142): Warning: <h5> anchor "Usage" already defined CFCalendarUTC.html:249:1 (CFCalendarUTC.Rd:146): Warning: <h5> anchor "Arguments" already defined CFClimatology.html:151:1 (CFClimatology.Rd:100): Warning: <h5> anchor "Usage" already defined CFClimatology.html:157:1 (CFClimatology.Rd:104): Warning: <h5> anchor "Arguments" already defined CFClimatology.html:187:1 (CFClimatology.Rd:120): Warning: <h5> anchor "Usage" already defined CFClimatology.html:193:1 (CFClimatology.Rd:124): Warning: <h5> anchor "Arguments" already defined CFTime.html:196:1 (CFTime.Rd:113): Warning: <h5> anchor "Usage" already defined CFTime.html:202:1 (CFTime.Rd:117): Warning: <h5> anchor "Arguments" already defined CFTime.html:233:1 (CFTime.Rd:134): Warning: <h5> anchor "Usage" already defined CFTime.html:239:1 (CFTime.Rd:138): Warning: <h5> anchor "Arguments" already defined CFTime.html:256:1 (CFTime.Rd:149): Warning: <h5> anchor "Returns" already defined CFTime.html:292:1 (CFTime.Rd:177): Warning: <h5> anchor "Usage" already defined CFTime.html:298:1 (CFTime.Rd:181): Warning: <h5> anchor "Arguments" already defined CFTime.html:317:1 (CFTime.Rd:194): Warning: <h5> anchor "Returns" already defined CFTime.html:357:1 (CFTime.Rd:226): Warning: <h5> anchor "Usage" already defined CFTime.html:363:1 (CFTime.Rd:230): Warning: <h5> anchor "Arguments" already defined CFTime.html:382:1 (CFTime.Rd:243): Warning: <h5> anchor "Returns" already defined CFTime.html:432:1 (CFTime.Rd:285): Warning: <h5> anchor "Usage" already defined CFTime.html:438:1 (CFTime.Rd:289): Warning: <h5> anchor "Arguments" already defined CFTime.html:460:1 (CFTime.Rd:305): Warning: <h5> anchor "Returns" already defined CFTime.html:481:1 (CFTime.Rd:318): Warning: <h5> anchor "Usage" already defined CFTime.html:487:1 (CFTime.Rd:322): Warning: <h5> anchor "Arguments" already defined CFTime.html:500:1 (CFTime.Rd:329): Warning: <h5> anchor "Returns" already defined CFTime.html:518:1 (CFTime.Rd:339): Warning: <h5> anchor "Usage" already defined CFTime.html:524:1 (CFTime.Rd:343): Warning: <h5> anchor "Arguments" already defined CFTime.html:539:1 (CFTime.Rd:352): Warning: <h5> anchor "Returns" already defined CFTime.html:565:1 (CFTime.Rd:370): Warning: <h5> anchor "Usage" already defined CFTime.html:571:1 (CFTime.Rd:374): Warning: <h5> anchor "Returns" already defined CFTime.html:592:1 (CFTime.Rd:387): Warning: <h5> anchor "Usage" already defined CFTime.html:598:1 (CFTime.Rd:391): Warning: <h5> anchor "Arguments" already defined CFTime.html:619:1 (CFTime.Rd:406): Warning: <h5> anchor "Returns" already defined CFTime.html:643:1 (CFTime.Rd:422): Warning: <h5> anchor "Usage" already defined CFTime.html:649:1 (CFTime.Rd:426): Warning: <h5> anchor "Returns" already defined CFTime.html:683:1 (CFTime.Rd:452): Warning: <h5> anchor "Usage" already defined CFTime.html:689:1 (CFTime.Rd:456): Warning: <h5> anchor "Arguments" already defined CFTime.html:705:1 (CFTime.Rd:466): Warning: <h5> anchor "Returns" already defined CFTime.html:799:1 (CFTime.Rd:540): Warning: <h5> anchor "Usage" already defined CFTime.html:805:1 (CFTime.Rd:544): Warning: <h5> anchor "Arguments" already defined CFTime.html:826:1 (CFTime.Rd:559): Warning: <h5> anchor "Returns" already defined CFTime.html:880:1 (CFTime.Rd:605): Warning: <h5> anchor "Usage" already defined CFTime.html:886:1 (CFTime.Rd:609): Warning: <h5> anchor "Arguments" already defined CFTime.html:900:1 (CFTime.Rd:617): Warning: <h5> anchor "Returns" already defined CFTime.html:921:1 (CFTime.Rd:630): Warning: <h5> anchor "Usage" already defined CFTime.html:927:1 (CFTime.Rd:634): Warning: <h5> anchor "Arguments" already defined CFTime.html:943:1 (CFTime.Rd:644): Warning: <h5> anchor "Returns" already defined CFTime.html:966:1 (CFTime.Rd:659): Warning: <h5> anchor "Usage" already defined CFTime.html:972:1 (CFTime.Rd:663): Warning: <h5> anchor "Returns" already defined CFTime.html:991:1 (CFTime.Rd:674): Warning: <h5> anchor "Usage" already defined CFTime.html:997:1 (CFTime.Rd:678): Warning: <h5> anchor "Arguments" already defined CFTime.html:1010:1 (CFTime.Rd:685): Warning: <h5> anchor "Returns" already defined CFTime.html:1028:1 (CFTime.Rd:695): Warning: <h5> anchor "Usage" already defined CFTime.html:1034:1 (CFTime.Rd:699): Warning: <h5> anchor "Arguments" already defined str.CFTime.html:51:1 (str.CFTime.Rd:12): Warning: missing </ul> before </div> Flavor: r-devel-linux-x86_64-debian-gcc