Last updated on 2025-10-21 09:48:27 CEST.
Flavor | Version | Tinstall | Tcheck | Ttotal | Status | Flags |
---|---|---|---|---|---|---|
r-devel-linux-x86_64-debian-clang | 2.4.4 | 11.73 | 90.66 | 102.39 | OK | |
r-devel-linux-x86_64-debian-gcc | 2.4.4 | 7.85 | 63.95 | 71.80 | NOTE | |
r-devel-linux-x86_64-fedora-clang | 2.4.4 | 153.86 | OK | |||
r-devel-linux-x86_64-fedora-gcc | 2.4.4 | 147.99 | OK | |||
r-devel-windows-x86_64 | 2.4.4 | 15.00 | 121.00 | 136.00 | OK | |
r-patched-linux-x86_64 | 2.4.4 | 13.84 | 85.94 | 99.78 | OK | |
r-release-linux-x86_64 | 2.4.4 | 11.58 | 83.80 | 95.38 | OK | |
r-release-macos-arm64 | 2.4.4 | 52.00 | OK | |||
r-release-macos-x86_64 | 2.4.4 | 90.00 | OK | |||
r-release-windows-x86_64 | 2.4.4 | 17.00 | 123.00 | 140.00 | OK | |
r-oldrel-macos-arm64 | 2.4.4 | 43.00 | OK | |||
r-oldrel-macos-x86_64 | 2.4.4 | 113.00 | OK | |||
r-oldrel-windows-x86_64 | 2.4.4 | 20.00 | 144.00 | 164.00 | OK |
Version: 2.4.4
Check: HTML version of manual
Result: NOTE
Found the following HTML validation problems:
combinatorialLM.html:58:1 (combinatorialLM.Rd:16): Warning: missing </ul> before </div>
combinatorialRBFN.html:58:1 (combinatorialRBFN.Rd:16): Warning: missing </ul> before </div>
print.html:51:1 (print.Rd:12): Warning: missing </ul> before </div>
Flavor: r-devel-linux-x86_64-debian-gcc