Last updated on 2025-10-21 09:48:27 CEST.
Flavor | Version | Tinstall | Tcheck | Ttotal | Status | Flags |
---|---|---|---|---|---|---|
r-devel-linux-x86_64-debian-clang | 0.1 | 47.29 | 218.63 | 265.92 | OK | |
r-devel-linux-x86_64-debian-gcc | 0.1 | 36.94 | 138.75 | 175.69 | NOTE | |
r-devel-linux-x86_64-fedora-clang | 0.1 | 424.07 | NOTE | |||
r-devel-linux-x86_64-fedora-gcc | 0.1 | 434.62 | NOTE | |||
r-devel-windows-x86_64 | 0.1 | 61.00 | 206.00 | 267.00 | OK | |
r-patched-linux-x86_64 | 0.1 | 46.50 | 204.68 | 251.18 | OK | |
r-release-linux-x86_64 | 0.1 | 45.68 | 206.40 | 252.08 | OK | |
r-release-macos-arm64 | 0.1 | 126.00 | OK | |||
r-release-macos-x86_64 | 0.1 | 296.00 | OK | |||
r-release-windows-x86_64 | 0.1 | 61.00 | 206.00 | 267.00 | OK | |
r-oldrel-macos-arm64 | 0.1 | 111.00 | NOTE | |||
r-oldrel-macos-x86_64 | 0.1 | 311.00 | NOTE | |||
r-oldrel-windows-x86_64 | 0.1 | 69.00 | 285.00 | 354.00 | NOTE |
Version: 0.1
Check: HTML version of manual
Result: NOTE
Found the following HTML validation problems:
CADF_to_annualhalfing_data.html:46:1 (CADF_to_annualhalfing_data.Rd:10): Warning: missing </ul> before </div>
CADF_to_btyd_pareto_nbd.html:46:1 (CADF_to_btyd_pareto_nbd.Rd:10): Warning: missing </ul> before </div>
CADF_to_logistic_regression.html:46:1 (CADF_to_logistic_regression.Rd:10): Warning: missing </ul> before </div>
CADF_to_nth_purchase.html:50:1 (CADF_to_nth_purchase.Rd:12): Warning: missing </ul> before </div>
CADF_to_nth_purchase_allrows.html:50:1 (CADF_to_nth_purchase_allrows.Rd:12): Warning: missing </ul> before </div>
Customer.html:250:1 (Customer.Rd:201): Warning: <h5> anchor "Usage" already defined
Customer.html:256:1 (Customer.Rd:205): Warning: <h5> anchor "Arguments" already defined
f_intMonths.html:52:1 (f_intMonths.Rd:14): Warning: missing </ul> before </div>
frequency_from_ps.html:46:1 (frequency_from_ps.Rd:10): Warning: missing </ul> before </div>
ld_sample_customer_matrix.html:54:1 (ld_sample_customer_matrix.Rd:14): Warning: missing </ul> before </div>
modeling.LL.gamma_spend.html:58:1 (modeling.LL.gamma_spend.Rd:16): Warning: missing </ul> before </div>
modeling.annualhalfing.likelihood.html:58:1 (modeling.annualhalfing.likelihood.Rd:16): Warning: missing </ul> before </div>
pdf_gamma.html:54:1 (pdf_gamma.Rd:14): Warning: missing </ul> before </div>
pdf_gamma2.html:54:1 (pdf_gamma2.Rd:14): Warning: missing </ul> before </div>
psmatrix_to_recency_attimeof_matrix.html:48:1 (psmatrix_to_recency_attimeof_matrix.Rd:11): Warning: missing </ul> before </div>
split.transaction.file_to_CADF.html:51:1 (split.transaction.file_to_CADF.Rd:12): Warning: missing </ul> before </div>
Flavor: r-devel-linux-x86_64-debian-gcc
Version: 0.1
Check: dependencies in R code
Result: NOTE
Namespace in Imports field not imported from: ‘R6’
All declared Imports should be used.
Flavors: r-devel-linux-x86_64-fedora-clang, r-devel-linux-x86_64-fedora-gcc
Version: 0.1
Check: installed package size
Result: NOTE
installed size is 11.9Mb
sub-directories of 1Mb or more:
data 10.1Mb
Flavors: r-oldrel-macos-arm64, r-oldrel-macos-x86_64, r-oldrel-windows-x86_64