Last updated on 2025-10-21 09:48:26 CEST.
Flavor | Version | Tinstall | Tcheck | Ttotal | Status | Flags |
---|---|---|---|---|---|---|
r-devel-linux-x86_64-debian-clang | 0.10.1 | 63.32 | 137.07 | 200.39 | OK | |
r-devel-linux-x86_64-debian-gcc | 0.10.1 | 50.33 | 102.38 | 152.71 | NOTE | |
r-devel-linux-x86_64-fedora-clang | 0.10.1 | 311.91 | OK | |||
r-devel-linux-x86_64-fedora-gcc | 0.10.1 | 334.13 | OK | |||
r-devel-windows-x86_64 | 0.10.1 | 71.00 | 160.00 | 231.00 | OK | |
r-patched-linux-x86_64 | 0.10.1 | 69.99 | 135.93 | 205.92 | OK | |
r-release-linux-x86_64 | 0.10.1 | 64.32 | 132.37 | 196.69 | OK | |
r-release-macos-arm64 | 0.10.1 | 82.00 | OK | |||
r-release-macos-x86_64 | 0.10.1 | 101.00 | OK | |||
r-release-windows-x86_64 | 0.10.1 | 69.00 | 161.00 | 230.00 | OK | |
r-oldrel-macos-arm64 | 0.10.1 | 75.00 | NOTE | |||
r-oldrel-macos-x86_64 | 0.10.1 | 125.00 | NOTE | |||
r-oldrel-windows-x86_64 | 0.10.1 | 86.00 | 202.00 | 288.00 | OK |
Version: 0.10.1
Check: HTML version of manual
Result: NOTE
Found the following HTML validation problems:
BOLD_Param_BayesGLM.html:48:1 (BOLD_Param_BayesGLM.Rd:15): Warning: missing </ul> before </div>
BayesGLM_is_valid_one_design.html:46:1 (BayesGLM_is_valid_one_design.Rd:10): Warning: missing </ul> before </div>
BayesGLM_is_valid_one_nuisance.html:46:1 (BayesGLM_is_valid_one_nuisance.Rd:10): Warning: missing </ul> before </div>
BayesGLM_is_valid_one_scrub.html:46:1 (BayesGLM_is_valid_one_scrub.Rd:10): Warning: missing </ul> before </div>
Bayes_Param.html:42:1 (Bayes_Param.Rd:9): Warning: missing </ul> before </div>
EM_Param.html:41:1 (EM_Param.Rd:8): Warning: missing </ul> before </div>
TR_Param_BayesGLM.html:40:1 (TR_Param_BayesGLM.Rd:7): Warning: missing </ul> before </div>
aic_Param.html:42:1 (aic_Param.Rd:9): Warning: missing </ul> before </div>
ar_order_Param.html:44:1 (ar_order_Param.Rd:11): Warning: missing </ul> before </div>
ar_smooth_Param.html:44:1 (ar_smooth_Param.Rd:11): Warning: missing </ul> before </div>
brainstructures_Param_BayesGLM.html:43:1 (brainstructures_Param_BayesGLM.Rd:10): Warning: missing </ul> before </div>
buffer_Param.html:43:1 (buffer_Param.Rd:10): Warning: missing </ul> before </div>
contrasts_Param.html:40:1 (contrasts_Param.Rd:7): Warning: missing </ul> before </div>
design_Param_BayesGLM.html:43:1 (design_Param_BayesGLM.Rd:10): Warning: missing </ul> before </div>
dot-findTheta.html:83:1 (dot-findTheta.Rd:29): Warning: missing </ul> before </div>
dot-getSqrtInvCpp.html:54:1 (dot-getSqrtInvCpp.Rd:14): Warning: missing </ul> before </div>
dot-initialKP.html:67:1 (dot-initialKP.Rd:21): Warning: missing </ul> before </div>
dot-logDetQt.html:54:1 (dot-logDetQt.Rd:14): Warning: missing </ul> before </div>
emTol_Param.html:41:1 (emTol_Param.Rd:8): Warning: missing </ul> before </div>
faces_Param.html:42:1 (faces_Param.Rd:9): Warning: missing </ul> before </div>
field_names_Param.html:40:1 (field_names_Param.Rd:7): Warning: missing </ul> before </div>
hpf_Param_BayesGLM.html:50:1 (hpf_Param_BayesGLM.Rd:17): Warning: missing </ul> before </div>
log_kappa_tau.html:46:1 (log_kappa_tau.Rd:10): Warning: missing </ul> before </div>
mask_Param_vertices.html:41:1 (mask_Param_vertices.Rd:8): Warning: missing </ul> before </div>
max_threads_Param.html:42:1 (max_threads_Param.Rd:9): Warning: missing </ul> before </div>
mean_var_Tol_Param.html:42:1 (mean_var_Tol_Param.Rd:9): Warning: missing </ul> before </div>
mesh_Param_either.html:41:1 (mesh_Param_either.Rd:8): Warning: missing </ul> before </div>
mesh_Param_inla.html:41:1 (mesh_Param_inla.Rd:8): Warning: missing </ul> before </div>
n_threads_Param.html:43:1 (n_threads_Param.Rd:10): Warning: missing </ul> before </div>
nbhd_order_Param.html:44:1 (nbhd_order_Param.Rd:11): Warning: missing </ul> before </div>
nuisance_Param_BayesGLM.html:52:1 (nuisance_Param_BayesGLM.Rd:19): Warning: missing </ul> before </div>
resamp_res_Param_BayesGLM.html:46:1 (resamp_res_Param_BayesGLM.Rd:13): Warning: missing </ul> before </div>
return_INLA_Param.html:45:1 (return_INLA_Param.Rd:12): Warning: missing </ul> before </div>
scale_BOLD_Param.html:50:1 (scale_BOLD_Param.Rd:12): Warning: missing </ul> before </div>
scrub_Param_BayesGLM.html:48:1 (scrub_Param_BayesGLM.Rd:15): Warning: missing </ul> before </div>
seed_Param.html:40:1 (seed_Param.Rd:7): Warning: missing </ul> before </div>
session_names_Param.html:43:1 (session_names_Param.Rd:10): Warning: missing </ul> before </div>
surfaces_Param_BayesGLM.html:47:1 (surfaces_Param_BayesGLM.Rd:14): Warning: missing </ul> before </div>
trim_INLA_Param.html:42:1 (trim_INLA_Param.Rd:9): Warning: missing </ul> before </div>
unmask_Mdat2In.html:58:1 (unmask_Mdat2In.Rd:16): Warning: missing </ul> before </div>
verbose_Param.html:42:1 (verbose_Param.Rd:9): Warning: missing </ul> before </div>
vertices_Param.html:42:1 (vertices_Param.Rd:9): Warning: missing </ul> before </div>
Flavor: r-devel-linux-x86_64-debian-gcc
Version: 0.10.1
Check: package dependencies
Result: NOTE
Package suggested but not available for checking: ‘INLA’
Flavors: r-oldrel-macos-arm64, r-oldrel-macos-x86_64
Version: 0.10.1
Check: installed package size
Result: NOTE
installed size is 17.3Mb
sub-directories of 1Mb or more:
libs 16.6Mb
Flavors: r-oldrel-macos-arm64, r-oldrel-macos-x86_64