Last updated on 2025-10-21 09:48:26 CEST.
Flavor | Version | Tinstall | Tcheck | Ttotal | Status | Flags |
---|---|---|---|---|---|---|
r-devel-linux-x86_64-debian-clang | 0.1.3 | 16.08 | 141.21 | 157.29 | OK | |
r-devel-linux-x86_64-debian-gcc | 0.1.3 | 11.84 | 96.26 | 108.10 | NOTE | |
r-devel-linux-x86_64-fedora-clang | 0.1.3 | 249.46 | OK | |||
r-devel-linux-x86_64-fedora-gcc | 0.1.3 | 237.15 | OK | |||
r-devel-windows-x86_64 | 0.1.3 | 20.00 | 134.00 | 154.00 | OK | |
r-patched-linux-x86_64 | 0.1.3 | 15.51 | 132.58 | 148.09 | OK | |
r-release-linux-x86_64 | 0.1.3 | 15.14 | 132.55 | 147.69 | OK | |
r-release-macos-arm64 | 0.1.3 | 58.00 | OK | |||
r-release-macos-x86_64 | 0.1.3 | 107.00 | OK | |||
r-release-windows-x86_64 | 0.1.3 | 20.00 | 140.00 | 160.00 | OK | |
r-oldrel-macos-arm64 | 0.1.3 | 59.00 | NOTE | |||
r-oldrel-macos-x86_64 | 0.1.3 | 113.00 | NOTE | |||
r-oldrel-windows-x86_64 | 0.1.3 | 28.00 | 177.00 | 205.00 | OK |
Version: 0.1.3
Check: HTML version of manual
Result: NOTE
Found the following HTML validation problems:
Chol_samp_fun.html:66:1 (Chol_samp_fun.Rd:20): Warning: missing </ul> before </div>
GSR_Param.html:42:1 (GSR_Param.Rd:9): Warning: missing </ul> before </div>
TR_param.html:41:1 (TR_param.Rd:8): Warning: missing </ul> before </div>
estimate_prior_FC.html:51:1 (estimate_prior_FC.Rd:13): Warning: missing </ul> before </div>
format_engagement_name.html:51:1 (format_engagement_name.Rd:13): Warning: missing </ul> before </div>
hpf_param.html:49:1 (hpf_param.Rd:16): Warning: missing </ul> before </div>
removebs_prior.html:50:1 (removebs_prior.Rd:12): Warning: missing </ul> before </div>
scale_Param.html:43:1 (scale_Param.Rd:10): Warning: missing </ul> before </div>
struct_prior.html:69:1 (struct_prior.Rd:25): Warning: missing </ul> before </div>
varTol_Param.html:44:1 (varTol_Param.Rd:11): Warning: missing </ul> before </div>
Flavor: r-devel-linux-x86_64-debian-gcc
Version: 0.1.3
Check: package dependencies
Result: NOTE
Package suggested but not available for checking: ‘INLA’
Flavors: r-oldrel-macos-arm64, r-oldrel-macos-x86_64