CRAN Package Check Results for Package BarBorGradient

Last updated on 2025-02-21 09:50:39 CET.

Flavor Version Tinstall Tcheck Ttotal Status Flags
r-devel-linux-x86_64-debian-clang 1.0.5 1.87 17.91 19.78 OK
r-devel-linux-x86_64-debian-gcc 1.0.5 1.58 14.67 16.25 OK
r-devel-linux-x86_64-fedora-clang 1.0.5 32.89 OK
r-devel-linux-x86_64-fedora-gcc 1.0.5 30.17 OK
r-devel-macos-arm64 1.0.5 17.00 OK
r-devel-macos-x86_64 1.0.5 23.00 OK
r-devel-windows-x86_64 1.0.5 3.00 39.00 42.00 OK
r-patched-linux-x86_64 1.0.5 2.15 17.32 19.47 NOTE
r-release-linux-x86_64 1.0.5 1.56 17.26 18.82 NOTE
r-release-macos-arm64 1.0.5 19.00 NOTE
r-release-macos-x86_64 1.0.5 21.00 NOTE
r-release-windows-x86_64 1.0.5 3.00 38.00 41.00 NOTE
r-oldrel-macos-arm64 1.0.5 16.00 NOTE
r-oldrel-macos-x86_64 1.0.5 20.00 NOTE
r-oldrel-windows-x86_64 1.0.5 4.00 38.00 42.00 NOTE

Check Details

Version: 1.0.5
Check: LazyData
Result: NOTE 'LazyData' is specified without a 'data' directory Flavors: r-patched-linux-x86_64, r-release-linux-x86_64, r-release-macos-arm64, r-release-macos-x86_64, r-release-windows-x86_64, r-oldrel-macos-arm64, r-oldrel-macos-x86_64, r-oldrel-windows-x86_64