Last updated on 2025-10-21 09:48:27 CEST.
Flavor | Version | Tinstall | Tcheck | Ttotal | Status | Flags |
---|---|---|---|---|---|---|
r-devel-linux-x86_64-debian-clang | 0.1-10 | 9.40 | 86.93 | 96.33 | NOTE | |
r-devel-linux-x86_64-debian-gcc | 0.1-10 | 6.93 | 64.46 | 71.39 | NOTE | |
r-devel-linux-x86_64-fedora-clang | 0.1-10 | 149.23 | NOTE | |||
r-devel-linux-x86_64-fedora-gcc | 0.1-10 | 149.86 | NOTE | |||
r-devel-windows-x86_64 | 0.1-10 | 11.00 | 102.00 | 113.00 | OK | |
r-patched-linux-x86_64 | 0.1-10 | 9.32 | 82.44 | 91.76 | OK | |
r-release-linux-x86_64 | 0.1-10 | 8.71 | 82.96 | 91.67 | OK | |
r-release-macos-arm64 | 0.1-10 | 52.00 | OK | |||
r-release-macos-x86_64 | 0.1-10 | 87.00 | OK | |||
r-release-windows-x86_64 | 0.1-10 | 12.00 | 106.00 | 118.00 | OK | |
r-oldrel-macos-arm64 | 0.1-10 | 41.00 | OK | |||
r-oldrel-macos-x86_64 | 0.1-10 | 67.00 | OK | |||
r-oldrel-windows-x86_64 | 0.1-10 | 15.00 | 127.00 | 142.00 | OK |
Version: 0.1-10
Check: CRAN incoming feasibility
Result: NOTE
Maintainer: ‘Frank Schaarschmidt <schaarschmidt@biostat.uni-hannover.de>’
No Authors@R field in DESCRIPTION.
Please add one, modifying
Authors@R: person(given = "Frank",
family = "Schaarschmidt",
role = c("aut", "cre"),
email = "schaarschmidt@biostat.uni-hannover.de")
as necessary.
Flavors: r-devel-linux-x86_64-debian-clang, r-devel-linux-x86_64-debian-gcc
Version: 0.1-10
Check: HTML version of manual
Result: NOTE
Found the following HTML validation problems:
checkargssim.html:54:1 (checkargssim.Rd:15): Warning: missing </ul> before </div>
printfunctions.html:57:1 (printfunctions.Rd:20): Warning: missing </ul> before </div>
Flavors: r-devel-linux-x86_64-debian-gcc, r-devel-linux-x86_64-fedora-clang, r-devel-linux-x86_64-fedora-gcc