Last updated on 2025-10-21 09:48:26 CEST.
Flavor | Version | Tinstall | Tcheck | Ttotal | Status | Flags |
---|---|---|---|---|---|---|
r-devel-linux-x86_64-debian-clang | 2.4.81 | 35.10 | 319.14 | 354.24 | OK | |
r-devel-linux-x86_64-debian-gcc | 2.4.81 | 24.88 | 225.66 | 250.54 | NOTE | |
r-devel-linux-x86_64-fedora-clang | 2.4.81 | 546.06 | OK | |||
r-devel-linux-x86_64-fedora-gcc | 2.4.81 | 555.35 | OK | |||
r-devel-windows-x86_64 | 2.4.81 | 30.00 | 322.00 | 352.00 | OK | |
r-patched-linux-x86_64 | 2.4.81 | 35.81 | 308.59 | 344.40 | OK | |
r-release-linux-x86_64 | 2.4.81 | 34.44 | 306.44 | 340.88 | OK | |
r-release-macos-arm64 | 2.4.81 | 151.00 | OK | |||
r-release-macos-x86_64 | 2.4.81 | 296.00 | OK | |||
r-release-windows-x86_64 | 2.4.81 | 31.00 | 322.00 | 353.00 | OK | |
r-oldrel-macos-arm64 | 2.4.81 | 161.00 | OK | |||
r-oldrel-macos-x86_64 | 2.4.81 | 269.00 | OK | |||
r-oldrel-windows-x86_64 | 2.4.81 | 40.00 | 407.00 | 447.00 | OK |
Version: 2.4.81
Check: HTML version of manual
Result: NOTE
Found the following HTML validation problems:
CEriskav_plot_graph.html:55:1 (CEriskav_plot_graph.Rd:20): Warning: missing </ul> before </div>
ceac_matplot.html:59:1 (ceac_matplot.Rd:17): Warning: missing </ul> before </div>
ceac_plot_graph.html:89:1 (ceac_plot_graph.Rd:50): Warning: missing </ul> before </div>
ceef_plot_graph.html:63:1 (ceef_plot_graph.Rd:24): Warning: missing </ul> before </div>
ceplane_geom_params.html:46:1 (ceplane_geom_params.Rd:10): Warning: missing </ul> before </div>
ceplane_ggplot_params.html:59:1 (ceplane_ggplot_params.Rd:17): Warning: missing </ul> before </div>
comp_names_from_.html:46:1 (comp_names_from_.Rd:10): Warning: missing </ul> before </div>
compute_Ubar.html:51:1 (compute_Ubar.Rd:13): Warning: missing </ul> before </div>
compute_ceaf.html:46:1 (compute_ceaf.Rd:10): Warning: missing </ul> before </div>
compute_p_best_interv.html:47:1 (compute_p_best_interv.Rd:11): Warning: missing </ul> before </div>
compute_p_optimal_best.html:47:1 (compute_p_optimal_best.Rd:11): Warning: missing </ul> before </div>
contour_ggplot_params.html:59:1 (contour_ggplot_params.Rd:17): Warning: missing </ul> before </div>
convert_pts_to_mm.html:46:1 (convert_pts_to_mm.Rd:10): Warning: missing </ul> before </div>
eib_plot_graph.html:59:1 (eib_plot_graph.Rd:22): Warning: missing </ul> before </div>
evi_plot_graph.html:63:1 (evi_plot_graph.Rd:24): Warning: missing </ul> before </div>
evppi_plot_graph.html:65:1 (evppi_plot_graph.Rd:23): Warning: missing </ul> before </div>
geom_cri.html:50:1 (geom_cri.Rd:12): Warning: missing </ul> before </div>
geom_quad_txt.html:51:1 (geom_quad_txt.Rd:13): Warning: missing </ul> before </div>
ib_plot_graph.html:71:1 (ib_plot_graph.Rd:28): Warning: missing </ul> before </div>
info_rank_graph.html:55:1 (info_rank_graph.Rd:20): Warning: missing </ul> before </div>
inforank_params.html:67:1 (inforank_params.Rd:21): Warning: missing </ul> before </div>
is.rel.html:48:1 (is.rel.Rd:11): Warning: missing </ul> before </div>
kstar_vlines.html:51:1 (kstar_vlines.Rd:13): Warning: missing </ul> before </div>
line_labels.html:59:1 (line_labels.Rd:19): Warning: missing </ul> before </div>
loo_rank.html:46:1 (loo_rank.Rd:10): Warning: missing </ul> before </div>
num_lines.html:58:1 (num_lines.Rd:22): Warning: missing </ul> before </div>
openPDF.html:46:1 (openPDF.Rd:10): Warning: missing </ul> before </div>
plot_eib_cri.html:51:1 (plot_eib_cri.Rd:13): Warning: missing </ul> before </div>
quiet.html:46:1 (quiet.Rd:10): Warning: missing </ul> before </div>
validate_bcea.html:58:1 (validate_bcea.Rd:16): Warning: missing </ul> before </div>
Flavor: r-devel-linux-x86_64-debian-gcc