Last updated on 2025-10-21 09:48:25 CEST.
Flavor | Version | Tinstall | Tcheck | Ttotal | Status | Flags |
---|---|---|---|---|---|---|
r-devel-linux-x86_64-debian-clang | 1.1.4 | 9.89 | 74.85 | 84.74 | OK | |
r-devel-linux-x86_64-debian-gcc | 1.1.4 | 6.88 | 51.37 | 58.25 | NOTE | |
r-devel-linux-x86_64-fedora-clang | 1.1.4 | 127.23 | OK | |||
r-devel-linux-x86_64-fedora-gcc | 1.1.4 | 134.92 | OK | |||
r-devel-windows-x86_64 | 1.1.4 | 12.00 | 93.00 | 105.00 | OK | |
r-patched-linux-x86_64 | 1.1.4 | 10.67 | 67.67 | 78.34 | OK | |
r-release-linux-x86_64 | 1.1.4 | 10.62 | 68.19 | 78.81 | OK | |
r-release-macos-arm64 | 1.1.4 | 44.00 | OK | |||
r-release-macos-x86_64 | 1.1.4 | 90.00 | OK | |||
r-release-windows-x86_64 | 1.1.4 | 14.00 | 93.00 | 107.00 | OK | |
r-oldrel-macos-arm64 | 1.1.4 | 51.00 | OK | |||
r-oldrel-macos-x86_64 | 1.1.4 | 94.00 | OK | |||
r-oldrel-windows-x86_64 | 1.1.4 | 17.00 | 109.00 | 126.00 | OK |
Version: 1.1.4
Check: HTML version of manual
Result: NOTE
Found the following HTML validation problems:
add_op_join.html:89:1 (add_op_join.Rd:37): Warning: missing </ul> before </div>
add_op_set_op.html:54:1 (add_op_set_op.Rd:14): Warning: missing </ul> before </div>
add_op_single.html:58:1 (add_op_single.Rd:16): Warning: missing </ul> before </div>
build_kql.html:53:1 (build_kql.Rd:15): Warning: missing </ul> before </div>
collect.tbl_kusto.html:53:1 (collect.tbl_kusto.Rd:13): Warning: missing </ul> before </div>
compute.tbl_kusto.html:56:1 (compute.tbl_kusto.Rd:15): Warning: missing </ul> before </div>
escape.html:61:1 (escape.Rd:24): Warning: missing </ul> before </div>
export.html:112:1 (export.Rd:60): Warning: missing </ul> before </div>
flatten_query.html:50:1 (flatten_query.Rd:12): Warning: missing </ul> before </div>
ident.html:46:1 (ident.Rd:10): Warning: missing </ul> before </div>
ident_q.html:46:1 (ident_q.Rd:10): Warning: missing </ul> before </div>
is.html:48:1 (is.Rd:13): Warning: missing </ul> before </div>
kql.html:46:1 (kql.Rd:10): Warning: missing </ul> before </div>
kql_aggregate.html:46:1 (kql_aggregate.Rd:10): Warning: missing </ul> before </div>
kql_build.html:46:1 (kql_build.Rd:10): Warning: missing </ul> before </div>
kql_build.op_mutate.html:61:1 (kql_build.op_mutate.Rd:17): Warning: missing </ul> before </div>
kql_escape_ident.html:46:1 (kql_escape_ident.Rd:10): Warning: missing </ul> before </div>
kql_escape_ident_q.html:46:1 (kql_escape_ident_q.Rd:10): Warning: missing </ul> before </div>
kql_escape_logical.html:48:1 (kql_escape_logical.Rd:11): Warning: missing </ul> before </div>
kql_escape_string.html:46:1 (kql_escape_string.Rd:10): Warning: missing </ul> before </div>
kql_infix.html:46:1 (kql_infix.Rd:10): Warning: missing </ul> before </div>
kql_prefix.html:50:1 (kql_prefix.Rd:12): Warning: missing </ul> before </div>
kql_render.html:50:1 (kql_render.Rd:12): Warning: missing </ul> before </div>
kql_translator.html:54:1 (kql_translator.Rd:14): Warning: missing </ul> before </div>
kql_window.html:46:1 (kql_window.Rd:10): Warning: missing </ul> before </div>
kusto_export_cmd.html:73:1 (kusto_export_cmd.Rd:25): Warning: missing </ul> before </div>
nest.tbl_kusto_abstract.html:51:1 (nest.tbl_kusto_abstract.Rd:12): Warning: missing </ul> before </div>
op_base.html:54:1 (op_base.Rd:14): Warning: missing </ul> before </div>
op_double.html:58:1 (op_double.Rd:16): Warning: missing </ul> before </div>
op_grps.html:48:1 (op_grps.Rd:11): Warning: missing </ul> before </div>
op_single.html:58:1 (op_single.Rd:16): Warning: missing </ul> before </div>
op_vars.html:48:1 (op_vars.Rd:11): Warning: missing </ul> before </div>
show_query.tbl_kusto_abstract.html:51:1 (show_query.tbl_kusto_abstract.Rd:12): Warning: missing </ul> before </div>
tbl_kusto.html:54:1 (tbl_kusto.Rd:14): Warning: missing </ul> before </div>
translate_kql.html:46:1 (translate_kql.Rd:10): Warning: missing </ul> before </div>
unnest.tbl_kusto_abstract.html:105:1 (unnest.tbl_kusto_abstract.Rd:47): Warning: missing </ul> before </div>
Flavor: r-devel-linux-x86_64-debian-gcc