Last updated on 2025-10-19 09:49:45 CEST.
Flavor | Version | Tinstall | Tcheck | Ttotal | Status | Flags |
---|---|---|---|---|---|---|
r-devel-linux-x86_64-debian-clang | 3.0.5 | 67.43 | 348.88 | 416.31 | WARN | |
r-devel-linux-x86_64-debian-gcc | 3.0.6 | 44.61 | 251.40 | 296.01 | OK | |
r-devel-linux-x86_64-fedora-clang | 3.0.6 | 715.76 | OK | |||
r-devel-linux-x86_64-fedora-gcc | 3.0.6 | 693.32 | OK | |||
r-devel-windows-x86_64 | 3.0.5 | 78.00 | 408.00 | 486.00 | NOTE | |
r-patched-linux-x86_64 | 3.0.5 | 72.38 | 335.42 | 407.80 | NOTE | |
r-release-linux-x86_64 | 3.0.5 | 70.13 | 334.91 | 405.04 | NOTE | |
r-release-macos-arm64 | 3.0.6 | 246.00 | OK | |||
r-release-macos-x86_64 | 3.0.6 | 596.00 | OK | |||
r-release-windows-x86_64 | 3.0.5 | 80.00 | 403.00 | 483.00 | NOTE | |
r-oldrel-macos-arm64 | 3.0.6 | 247.00 | NOTE | |||
r-oldrel-macos-x86_64 | 3.0.6 | 551.00 | NOTE | |||
r-oldrel-windows-x86_64 | 3.0.5 | 92.00 | 523.00 | 615.00 | NOTE |
Version: 3.0.5
Check: whether package can be installed
Result: WARN
Found the following significant warnings:
/home/hornik/tmp/R.check/r-devel-clang/Work/build/Packages/RcppArmadillo/include/RcppArmadillo/version/arma.h:66:17: warning: Using fallback compilation with Armadillo 14.6.3. Please consider defining -DARMA_USE_CURRENT and also removing C++11 compilation directive. See GitHub issue #475 for more. [-W#pragma-messages]
See ‘/home/hornik/tmp/R.check/r-devel-clang/Work/PKGS/textmineR.Rcheck/00install.out’ for details.
* used C++ compiler: ‘Debian clang version 19.1.7 (7)’
Flavor: r-devel-linux-x86_64-debian-clang
Version: 3.0.5
Check: C++ specification
Result: NOTE
Specified C++11: please drop specification unless essential
Flavors: r-devel-linux-x86_64-debian-clang, r-devel-windows-x86_64, r-patched-linux-x86_64, r-release-linux-x86_64, r-release-windows-x86_64, r-oldrel-windows-x86_64
Version: 3.0.6
Check: installed package size
Result: NOTE
installed size is 5.7Mb
sub-directories of 1Mb or more:
libs 3.8Mb
Flavors: r-oldrel-macos-arm64, r-oldrel-macos-x86_64