Last updated on 2025-07-12 09:49:33 CEST.
Flavor | Version | Tinstall | Tcheck | Ttotal | Status | Flags |
---|---|---|---|---|---|---|
r-devel-linux-x86_64-debian-clang | 1.2.2 | 8.76 | 91.17 | 99.93 | OK | |
r-devel-linux-x86_64-debian-gcc | 1.2.2 | 6.78 | 69.36 | 76.14 | OK | |
r-devel-linux-x86_64-fedora-clang | 1.2.2 | 162.14 | OK | |||
r-devel-linux-x86_64-fedora-gcc | 1.2.2 | 168.54 | OK | |||
r-devel-windows-x86_64 | 1.2.1 | 6.00 | 76.00 | 82.00 | OK | |
r-patched-linux-x86_64 | 1.2.2 | 9.25 | 88.64 | 97.89 | OK | |
r-release-linux-x86_64 | 1.2.1 | 5.21 | 40.97 | 46.18 | OK | |
r-release-macos-arm64 | 1.2.1 | 24.00 | OK | |||
r-release-macos-x86_64 | 1.2.2 | 89.00 | OK | |||
r-release-windows-x86_64 | 1.2.2 | 10.00 | 117.00 | 127.00 | OK | |
r-oldrel-macos-arm64 | 1.2.1 | 557.00 | OK | |||
r-oldrel-macos-x86_64 | 1.2.2 | 93.00 | NOTE | |||
r-oldrel-windows-x86_64 | 1.2.2 | 13.00 | 112.00 | 125.00 | NOTE |
Version: 1.2.2
Check: installed package size
Result: NOTE
installed size is 5.2Mb
sub-directories of 1Mb or more:
data 4.8Mb
Flavors: r-oldrel-macos-x86_64, r-oldrel-windows-x86_64