Last updated on 2025-07-12 09:49:32 CEST.
Flavor | Version | Tinstall | Tcheck | Ttotal | Status | Flags |
---|---|---|---|---|---|---|
r-devel-linux-x86_64-debian-clang | 0.3.3 | 38.72 | 202.25 | 240.97 | NOTE | |
r-devel-linux-x86_64-debian-gcc | 0.3.3 | 24.56 | 134.21 | 158.77 | NOTE | |
r-devel-linux-x86_64-fedora-clang | 0.3.3 | 380.45 | NOTE | |||
r-devel-linux-x86_64-fedora-gcc | 0.3.3 | 394.54 | NOTE | |||
r-devel-windows-x86_64 | 0.3.3 | 34.00 | 164.00 | 198.00 | NOTE | |
r-patched-linux-x86_64 | 0.3.3 | 33.57 | 191.18 | 224.75 | NOTE | |
r-release-linux-x86_64 | 0.3.3 | 33.16 | 189.42 | 222.58 | NOTE | |
r-release-macos-arm64 | 0.3.3 | 89.00 | NOTE | |||
r-release-macos-x86_64 | 0.3.3 | 201.00 | NOTE | |||
r-release-windows-x86_64 | 0.3.3 | 33.00 | 171.00 | 204.00 | NOTE | |
r-oldrel-macos-arm64 | 0.3.3 | 93.00 | OK | |||
r-oldrel-macos-x86_64 | 0.3.3 | 211.00 | OK | |||
r-oldrel-windows-x86_64 | 0.3.3 | 50.00 | 224.00 | 274.00 | OK |
Version: 0.3.3
Check: DESCRIPTION meta-information
Result: NOTE
Missing dependency on R >= 4.2.0 because package code uses the pipe
placeholder syntax added in R 4.2.0.
File(s) using such syntax:
‘addlearn_local.R’
Flavors: r-devel-linux-x86_64-debian-clang, r-devel-linux-x86_64-debian-gcc, r-devel-linux-x86_64-fedora-clang, r-devel-linux-x86_64-fedora-gcc, r-devel-windows-x86_64, r-patched-linux-x86_64, r-release-linux-x86_64, r-release-macos-arm64, r-release-macos-x86_64, r-release-windows-x86_64