Last updated on 2025-07-12 09:49:32 CEST.
Flavor | Version | Tinstall | Tcheck | Ttotal | Status | Flags |
---|---|---|---|---|---|---|
r-devel-linux-x86_64-debian-clang | 0.7.2 | 57.84 | 48.88 | 106.72 | OK | |
r-devel-linux-x86_64-debian-gcc | 0.7.2 | 44.30 | 37.54 | 81.84 | OK | |
r-devel-linux-x86_64-fedora-clang | 0.7.2 | 182.02 | OK | |||
r-devel-linux-x86_64-fedora-gcc | 0.7.2 | 216.60 | OK | |||
r-devel-windows-x86_64 | 0.7.2 | 75.00 | 93.00 | 168.00 | OK | |
r-patched-linux-x86_64 | 0.7.2 | 65.59 | 45.89 | 111.48 | OK | |
r-release-linux-x86_64 | 0.7.2 | 63.67 | 46.98 | 110.65 | OK | |
r-release-macos-arm64 | 0.7.2 | 61.00 | OK | |||
r-release-macos-x86_64 | 0.7.2 | 83.00 | OK | |||
r-release-windows-x86_64 | 0.7.2 | 76.00 | 99.00 | 175.00 | OK | |
r-oldrel-macos-arm64 | 0.7.2 | 36.00 | NOTE | |||
r-oldrel-macos-x86_64 | 0.7.2 | 54.00 | NOTE | |||
r-oldrel-windows-x86_64 | 0.7.2 | 89.00 | 110.00 | 199.00 | NOTE |
Version: 0.7.2
Check: installed package size
Result: NOTE
installed size is 7.0Mb
sub-directories of 1Mb or more:
libs 6.2Mb
Flavors: r-oldrel-macos-arm64, r-oldrel-macos-x86_64
Version: 0.7.2
Check: for GNU extensions in Makefiles
Result: NOTE
GNU make is a SystemRequirements.
Flavors: r-oldrel-macos-arm64, r-oldrel-macos-x86_64, r-oldrel-windows-x86_64