Last updated on 2025-07-12 09:49:31 CEST.
Flavor | Version | Tinstall | Tcheck | Ttotal | Status | Flags |
---|---|---|---|---|---|---|
r-devel-linux-x86_64-debian-clang | 1.0.3 | 9.81 | 75.93 | 85.74 | NOTE | |
r-devel-linux-x86_64-debian-gcc | 1.0.3 | 5.94 | 51.84 | 57.78 | NOTE | |
r-devel-linux-x86_64-fedora-clang | 1.0.3 | 139.52 | NOTE | |||
r-devel-linux-x86_64-fedora-gcc | 1.0.3 | 131.30 | NOTE | |||
r-devel-windows-x86_64 | 1.0.3 | 10.00 | 96.00 | 106.00 | NOTE | |
r-patched-linux-x86_64 | 1.0.3 | 9.78 | 70.08 | 79.86 | NOTE | |
r-release-linux-x86_64 | 1.0.3 | 8.22 | 68.80 | 77.02 | NOTE | |
r-release-macos-arm64 | 1.0.3 | 37.00 | NOTE | |||
r-release-macos-x86_64 | 1.0.3 | 62.00 | NOTE | |||
r-release-windows-x86_64 | 1.0.3 | 11.00 | 95.00 | 106.00 | NOTE | |
r-oldrel-macos-arm64 | 1.0.3 | 34.00 | NOTE | |||
r-oldrel-macos-x86_64 | 1.0.3 | 51.00 | NOTE | |||
r-oldrel-windows-x86_64 | 1.0.3 | 14.00 | 115.00 | 129.00 | NOTE |
Version: 1.0.3
Check: Rd files
Result: NOTE
checkRd: (-1) create_modelDF.Rd:25-38: Lost braces
25 | convert_xlsx_to_csv<-function(xlsx_file){
| ^
checkRd: (-1) create_modelDF.Rd:33-36: Lost braces
33 | for (i in Sheetnames) {
| ^
Flavors: r-devel-linux-x86_64-debian-clang, r-devel-linux-x86_64-debian-gcc, r-devel-linux-x86_64-fedora-clang, r-devel-linux-x86_64-fedora-gcc, r-devel-windows-x86_64, r-patched-linux-x86_64, r-release-linux-x86_64, r-release-macos-arm64, r-release-macos-x86_64, r-release-windows-x86_64, r-oldrel-macos-arm64, r-oldrel-macos-x86_64, r-oldrel-windows-x86_64